CRAN Package Check Results for Package dfdr

Last updated on 2025-04-29 19:50:29 CEST.

Flavor Version Tinstall Tcheck Ttotal Status Flags
r-devel-linux-x86_64-debian-clang 0.2.0 6.28 46.05 52.33 NOTE
r-devel-linux-x86_64-debian-gcc 0.2.0 4.77 33.62 38.39 NOTE
r-devel-linux-x86_64-fedora-clang 0.2.0 80.53 NOTE
r-devel-linux-x86_64-fedora-gcc 0.2.0 77.40 NOTE
r-devel-windows-x86_64 0.2.0 8.00 65.00 73.00 NOTE
r-patched-linux-x86_64 0.2.0 6.59 44.49 51.08 NOTE
r-release-linux-x86_64 0.2.0 6.56 43.92 50.48 NOTE
r-release-macos-arm64 0.2.0 36.00 NOTE
r-release-macos-x86_64 0.2.0 55.00 NOTE
r-release-windows-x86_64 0.2.0 8.00 75.00 83.00 NOTE
r-oldrel-macos-arm64 0.2.0 26.00 OK
r-oldrel-macos-x86_64 0.2.0 42.00 OK
r-oldrel-windows-x86_64 0.2.0 9.00 75.00 84.00 OK

Check Details

Version: 0.2.0
Check: DESCRIPTION meta-information
Result: NOTE Missing dependency on R >= 4.1.0 because package code uses the pipe |> or function shorthand \(...) syntax added in R 4.1.0. File(s) using such syntax: ‘differentiate.R’ ‘gradient.R’ ‘simplify.R’ Flavors: r-devel-linux-x86_64-debian-clang, r-devel-linux-x86_64-debian-gcc, r-devel-linux-x86_64-fedora-clang, r-devel-linux-x86_64-fedora-gcc, r-devel-windows-x86_64, r-patched-linux-x86_64, r-release-linux-x86_64, r-release-macos-arm64, r-release-macos-x86_64, r-release-windows-x86_64