CRAN Package Check Results for Package dfexpand

Last updated on 2025-11-16 18:49:27 CET.

Flavor Version Tinstall Tcheck Ttotal Status Flags
r-devel-linux-x86_64-debian-clang 0.0.2 2.44 28.64 31.08 OK
r-devel-linux-x86_64-debian-gcc 0.0.2 1.97 23.41 25.38 NOTE
r-devel-linux-x86_64-fedora-clang 0.0.2 45.04 OK
r-devel-linux-x86_64-fedora-gcc 0.0.2 41.98 OK
r-devel-windows-x86_64 0.0.2 6.00 50.00 56.00 OK
r-patched-linux-x86_64 0.0.2 2.08 26.29 28.37 OK
r-release-linux-x86_64 0.0.2 2.48 26.16 28.64 OK
r-release-macos-arm64 0.0.2 2.00 21.00 23.00 OK
r-release-macos-x86_64 0.0.2 2.00 29.00 31.00 OK
r-release-windows-x86_64 0.0.2 3.00 50.00 53.00 OK
r-oldrel-macos-arm64 0.0.2 1.00 19.00 20.00 OK
r-oldrel-macos-x86_64 0.0.2 2.00 25.00 27.00 OK
r-oldrel-windows-x86_64 0.0.2 5.00 54.00 59.00 OK

Check Details

Version: 0.0.2
Check: CRAN incoming feasibility
Result: NOTE Maintainer: ‘Jeffery Painter <jeff@jivecast.com>’ The BugReports field in DESCRIPTION has https://github.com/jlpainter/dfexpand/issues/ which should likely be https://github.com/jlpainter/dfexpand/issues/issues instead. Flavor: r-devel-linux-x86_64-debian-gcc