CRAN Package Check Results for Package dhga

Last updated on 2025-04-29 13:51:21 CEST.

Flavor Version Tinstall Tcheck Ttotal Status Flags
r-devel-linux-x86_64-debian-clang 0.1 1.99 27.72 29.71 NOTE
r-devel-linux-x86_64-debian-gcc 0.1 1.42 21.87 23.29 NOTE
r-devel-linux-x86_64-fedora-clang 0.1 46.21 OK
r-devel-linux-x86_64-fedora-gcc 0.1 45.05 OK
r-devel-windows-x86_64 0.1 3.00 53.00 56.00 OK
r-patched-linux-x86_64 0.1 2.02 26.43 28.45 OK
r-release-linux-x86_64 0.1 2.27 26.43 28.70 OK
r-release-macos-arm64 0.1 21.00 OK
r-release-macos-x86_64 0.1 34.00 OK
r-release-windows-x86_64 0.1 3.00 55.00 58.00 OK
r-oldrel-macos-arm64 0.1 20.00 OK
r-oldrel-macos-x86_64 0.1 28.00 OK
r-oldrel-windows-x86_64 0.1 4.00 56.00 60.00 OK

Check Details

Version: 0.1
Check: CRAN incoming feasibility
Result: NOTE Maintainer: ‘Samarendra Das <samarendra4849@gmail.com>’ No Authors@R field in DESCRIPTION. Please add one, modifying Authors@R: c(person(given = "Samarendra", family = "Das", role = c("aut", "cre"), email = "samarendra4849@gmail.com"), person(given = c("Baidya", "Nath"), family = "Mandal", role = "aut", email = "mandal.stat@gmail.com")) as necessary. Flavors: r-devel-linux-x86_64-debian-clang, r-devel-linux-x86_64-debian-gcc