CRAN Package Check Results for Package digitalPCR

Last updated on 2025-04-29 13:51:21 CEST.

Flavor Version Tinstall Tcheck Ttotal Status Flags
r-devel-linux-x86_64-debian-clang 1.1.0 1.40 17.68 19.08 NOTE
r-devel-linux-x86_64-debian-gcc 1.1.0 1.22 14.25 15.47 NOTE
r-devel-linux-x86_64-fedora-clang 1.1.0 30.47 OK
r-devel-linux-x86_64-fedora-gcc 1.1.0 28.71 OK
r-devel-windows-x86_64 1.1.0 3.00 38.00 41.00 OK
r-patched-linux-x86_64 1.1.0 1.53 16.75 18.28 OK
r-release-linux-x86_64 1.1.0 1.61 16.75 18.36 OK
r-release-macos-arm64 1.1.0 16.00 OK
r-release-macos-x86_64 1.1.0 25.00 OK
r-release-windows-x86_64 1.1.0 3.00 40.00 43.00 OK
r-oldrel-macos-arm64 1.1.0 14.00 OK
r-oldrel-macos-x86_64 1.1.0 21.00 OK
r-oldrel-windows-x86_64 1.1.0 3.00 38.00 41.00 OK

Check Details

Version: 1.1.0
Check: CRAN incoming feasibility
Result: NOTE Maintainer: ‘Xutao Deng <xutaodeng@gmail.com>’ No Authors@R field in DESCRIPTION. Please add one, modifying Authors@R: person(given = "Xutao", family = "Deng", role = c("aut", "cre"), email = "xutaodeng@gmail.com") as necessary. Flavors: r-devel-linux-x86_64-debian-clang, r-devel-linux-x86_64-debian-gcc