Last updated on 2024-06-27 16:49:03 CEST.
Flavor | Version | Tinstall | Tcheck | Ttotal | Status | Flags |
---|---|---|---|---|---|---|
r-devel-linux-x86_64-debian-clang | 0.2.8 | NOTE | ||||
r-devel-linux-x86_64-debian-gcc | 0.2.8 | 58.27 | 72.41 | 130.68 | NOTE | |
r-devel-linux-x86_64-fedora-clang | 0.2.9 | 270.22 | OK | |||
r-devel-linux-x86_64-fedora-gcc | 0.2.9 | 273.62 | OK | |||
r-devel-windows-x86_64 | 0.2.8 | 76.00 | 129.00 | 205.00 | NOTE | |
r-patched-linux-x86_64 | 0.2.8 | 70.93 | 94.13 | 165.06 | NOTE | |
r-release-linux-x86_64 | 0.2.8 | 74.86 | 92.59 | 167.45 | NOTE | |
r-release-macos-arm64 | 0.2.8 | 68.00 | NOTE | |||
r-release-macos-x86_64 | 0.2.9 | 152.00 | OK | |||
r-release-windows-x86_64 | 0.2.8 | 78.00 | 132.00 | 210.00 | NOTE | |
r-oldrel-macos-arm64 | 0.2.8 | 66.00 | OK | |||
r-oldrel-macos-x86_64 | 0.2.8 | 123.00 | OK | |||
r-oldrel-windows-x86_64 | 0.2.8 | 96.00 | 156.00 | 252.00 | OK |
Version: 0.2.8
Check: Rd files
Result: NOTE
checkRd: (-1) restart_session.Rd:11: Lost braces
11 | 'RStudio', use \code{startup}{restart} instead.
| ^
Flavors: r-devel-linux-x86_64-debian-clang, r-devel-linux-x86_64-debian-gcc, r-devel-windows-x86_64, r-patched-linux-x86_64, r-release-linux-x86_64, r-release-macos-arm64, r-release-windows-x86_64