CRAN Package Check Results for Package disaggregation

Last updated on 2025-04-29 13:51:21 CEST.

Flavor Version Tinstall Tcheck Ttotal Status Flags
r-devel-linux-x86_64-debian-clang 0.4.0 91.78 775.50 867.28 NOTE
r-devel-linux-x86_64-debian-gcc 0.4.0 77.62 513.05 590.67 OK
r-devel-linux-x86_64-fedora-clang 0.4.0 1397.20 OK
r-devel-linux-x86_64-fedora-gcc 0.4.0 1541.29 OK
r-devel-windows-x86_64 0.4.0 94.00 706.00 800.00 OK
r-patched-linux-x86_64 0.4.0 102.45 759.16 861.61 OK
r-release-linux-x86_64 0.4.0 102.68 770.30 872.98 OK
r-release-macos-arm64 0.4.0 413.00 OK
r-release-macos-x86_64 0.4.0 881.00 OK
r-release-windows-x86_64 0.4.0 90.00 713.00 803.00 OK
r-oldrel-macos-arm64 0.4.0 290.00 NOTE
r-oldrel-macos-x86_64 0.4.0 484.00 NOTE
r-oldrel-windows-x86_64 0.4.0 115.00 982.00 1097.00 NOTE

Check Details

Version: 0.4.0
Check: examples
Result: NOTE Examples with CPU (user + system) or elapsed time > 5s user system elapsed getStartendindex 6.782 0.105 8.693 Flavor: r-devel-linux-x86_64-debian-clang

Version: 0.4.0
Check: installed package size
Result: NOTE installed size is 48.1Mb sub-directories of 1Mb or more: libs 47.5Mb Flavors: r-oldrel-macos-arm64, r-oldrel-macos-x86_64, r-oldrel-windows-x86_64