Last updated on 2024-07-13 11:49:11 CEST.
Flavor | Version | Tinstall | Tcheck | Ttotal | Status | Flags |
---|---|---|---|---|---|---|
r-devel-linux-x86_64-debian-clang | 1.1.0 | 653.00 | 404.89 | 1057.89 | NOTE | |
r-devel-linux-x86_64-debian-gcc | 1.1.0 | 430.96 | 313.60 | 744.56 | NOTE | |
r-devel-linux-x86_64-fedora-clang | 1.1.0 | 1196.26 | NOTE | |||
r-devel-linux-x86_64-fedora-gcc | 1.1.0 | 1299.84 | NOTE | |||
r-devel-windows-x86_64 | 1.1.0 | 365.00 | 309.00 | 674.00 | NOTE | |
r-patched-linux-x86_64 | 1.1.0 | 0.01 | 2.70 | 2.71 | ERROR | |
r-release-linux-x86_64 | 1.1.0 | 354.74 | 422.75 | 777.49 | NOTE | |
r-release-macos-arm64 | 1.1.0 | 250.00 | NOTE | |||
r-release-macos-x86_64 | 1.1.0 | 351.00 | NOTE | |||
r-release-windows-x86_64 | 1.1.0 | 346.00 | 310.00 | 656.00 | NOTE | |
r-oldrel-macos-arm64 | 1.1.0 | 522.00 | NOTE | |||
r-oldrel-macos-x86_64 | 1.1.0 | 611.00 | NOTE | |||
r-oldrel-windows-x86_64 | 1.1.0 | 486.00 | 409.00 | 895.00 | NOTE |
Version: 1.1.0
Check: for GNU extensions in Makefiles
Result: NOTE
GNU make is a SystemRequirements.
Flavors: r-devel-linux-x86_64-debian-clang, r-devel-linux-x86_64-debian-gcc, r-devel-linux-x86_64-fedora-clang, r-devel-linux-x86_64-fedora-gcc, r-devel-windows-x86_64, r-release-linux-x86_64, r-release-macos-arm64, r-release-macos-x86_64, r-release-windows-x86_64, r-oldrel-macos-arm64, r-oldrel-macos-x86_64, r-oldrel-windows-x86_64
Version: 1.1.0
Check: installed package size
Result: NOTE
installed size is 7.4Mb
sub-directories of 1Mb or more:
libs 6.6Mb
Flavors: r-devel-linux-x86_64-fedora-clang, r-devel-windows-x86_64, r-release-macos-arm64, r-release-macos-x86_64, r-release-windows-x86_64, r-oldrel-macos-arm64, r-oldrel-macos-x86_64, r-oldrel-windows-x86_64
Version: 1.1.0
Check: whether package can be installed
Result: ERROR
Installation failed.
Flavor: r-patched-linux-x86_64