Last updated on 2025-04-29 13:51:21 CEST.
Flavor | Version | Tinstall | Tcheck | Ttotal | Status | Flags |
---|---|---|---|---|---|---|
r-devel-linux-x86_64-debian-clang | 1.0.1 | 6.18 | 89.41 | 95.59 | NOTE | |
r-devel-linux-x86_64-debian-gcc | 1.0.1 | 4.39 | 55.46 | 59.85 | NOTE | |
r-devel-linux-x86_64-fedora-clang | 1.0.1 | 167.72 | OK | |||
r-devel-linux-x86_64-fedora-gcc | 1.0.1 | 158.98 | OK | |||
r-devel-windows-x86_64 | 1.0.1 | 7.00 | 94.00 | 101.00 | OK | |
r-patched-linux-x86_64 | 1.0.1 | 5.90 | 86.52 | 92.42 | OK | |
r-release-linux-x86_64 | 1.0.1 | 5.62 | 86.69 | 92.31 | OK | |
r-release-macos-arm64 | 1.0.1 | 38.00 | OK | |||
r-release-macos-x86_64 | 1.0.1 | 78.00 | OK | |||
r-release-windows-x86_64 | 1.0.1 | 6.00 | 96.00 | 102.00 | OK | |
r-oldrel-macos-arm64 | 1.0.1 | 35.00 | OK | |||
r-oldrel-macos-x86_64 | 1.0.1 | 60.00 | OK | |||
r-oldrel-windows-x86_64 | 1.0.1 | 8.00 | 114.00 | 122.00 | OK |
Version: 1.0.1
Check: examples
Result: NOTE
Examples with CPU (user + system) or elapsed time > 5s
user system elapsed
dfzinbt 9.709 0.008 12.753
dfnb 8.907 0.074 12.960
dfpt 7.409 0.003 9.943
dfzinb 6.795 0.000 8.991
dfp 5.660 0.078 7.141
dfnbt 4.914 0.003 6.999
Flavor: r-devel-linux-x86_64-debian-clang
Version: 1.0.1
Check: examples
Result: NOTE
Examples with CPU (user + system) or elapsed time > 5s
user system elapsed
dfzinbt 4.723 0.020 5.817
dfnb 4.653 0.048 5.502
Flavor: r-devel-linux-x86_64-debian-gcc