CRAN Package Check Results for Package disclapmix

Last updated on 2025-04-29 13:51:21 CEST.

Flavor Version Tinstall Tcheck Ttotal Status Flags
r-devel-linux-x86_64-debian-clang 1.7.4 19.97 66.66 86.63 NOTE
r-devel-linux-x86_64-debian-gcc 1.7.4 14.36 47.56 61.92 NOTE
r-devel-linux-x86_64-fedora-clang 1.7.4 141.18 NOTE
r-devel-linux-x86_64-fedora-gcc 1.7.4 153.00 NOTE
r-devel-windows-x86_64 1.7.4 26.00 109.00 135.00 NOTE
r-patched-linux-x86_64 1.7.4 21.34 64.29 85.63 NOTE
r-release-linux-x86_64 1.7.4 19.74 63.54 83.28 NOTE
r-release-macos-arm64 1.7.4 56.00 NOTE
r-release-macos-x86_64 1.7.4 89.00 NOTE
r-release-windows-x86_64 1.7.4 25.00 111.00 136.00 NOTE
r-oldrel-macos-arm64 1.7.4 52.00 NOTE
r-oldrel-macos-x86_64 1.7.4 70.00 NOTE
r-oldrel-windows-x86_64 1.7.4 27.00 130.00 157.00 NOTE

Check Details

Version: 1.7.4
Check: C++ specification
Result: NOTE Specified C++11: please drop specification unless essential Flavors: r-devel-linux-x86_64-debian-clang, r-devel-linux-x86_64-debian-gcc, r-devel-linux-x86_64-fedora-clang, r-devel-linux-x86_64-fedora-gcc, r-devel-windows-x86_64, r-patched-linux-x86_64, r-release-linux-x86_64, r-release-macos-arm64, r-release-macos-x86_64, r-release-windows-x86_64, r-oldrel-macos-arm64, r-oldrel-macos-x86_64, r-oldrel-windows-x86_64