Last updated on 2024-07-13 05:49:11 CEST.
Flavor | Version | Tinstall | Tcheck | Ttotal | Status | Flags |
---|---|---|---|---|---|---|
r-devel-linux-x86_64-debian-clang | 2.2.3 | 2.39 | 35.58 | 37.97 | NOTE | |
r-devel-linux-x86_64-debian-gcc | 2.2.3 | 2.49 | 26.50 | 28.99 | NOTE | |
r-devel-linux-x86_64-fedora-clang | 2.2.3 | 47.71 | NOTE | |||
r-devel-linux-x86_64-fedora-gcc | 2.2.3 | 44.99 | NOTE | |||
r-devel-windows-x86_64 | 2.2.3 | 4.00 | 48.00 | 52.00 | NOTE | |
r-patched-linux-x86_64 | 2.2.3 | 2.98 | 33.42 | 36.40 | NOTE | |
r-release-linux-x86_64 | 2.2.3 | 3.22 | 33.81 | 37.03 | NOTE | |
r-release-macos-arm64 | 2.2.3 | 18.00 | NOTE | |||
r-release-macos-x86_64 | 2.2.3 | 26.00 | NOTE | |||
r-release-windows-x86_64 | 2.2.3 | 4.00 | 48.00 | 52.00 | NOTE | |
r-oldrel-macos-arm64 | 2.2.3 | 20.00 | NOTE | |||
r-oldrel-macos-x86_64 | 2.2.3 | 25.00 | NOTE | |||
r-oldrel-windows-x86_64 | 2.2.3 | 5.00 | 51.00 | 56.00 | NOTE |
Version: 2.2.3
Check: LazyData
Result: NOTE
'LazyData' is specified without a 'data' directory
Flavors: r-devel-linux-x86_64-debian-clang, r-devel-linux-x86_64-debian-gcc, r-devel-linux-x86_64-fedora-clang, r-devel-linux-x86_64-fedora-gcc, r-devel-windows-x86_64, r-patched-linux-x86_64, r-release-linux-x86_64, r-release-macos-arm64, r-release-macos-x86_64, r-release-windows-x86_64, r-oldrel-macos-arm64, r-oldrel-macos-x86_64, r-oldrel-windows-x86_64