Last updated on 2025-10-25 00:49:35 CEST.
| Flavor | Version | Tinstall | Tcheck | Ttotal | Status | Flags |
|---|---|---|---|---|---|---|
| r-devel-linux-x86_64-debian-clang | 0.6.0 | 117.19 | 123.50 | 240.69 | OK | |
| r-devel-linux-x86_64-debian-gcc | 0.6.0 | 87.45 | 82.43 | 169.88 | OK | |
| r-devel-linux-x86_64-fedora-clang | 0.6.0 | 513.00 | -50.28 | 462.72 | OK | |
| r-devel-linux-x86_64-fedora-gcc | 0.6.0 | 271.00 | 144.89 | 415.89 | OK | |
| r-devel-windows-x86_64 | 0.6.0 | 136.00 | 135.00 | 271.00 | OK | |
| r-patched-linux-x86_64 | 0.6.0 | 118.07 | 114.06 | 232.13 | OK | |
| r-release-linux-x86_64 | 0.6.0 | 125.91 | 115.14 | 241.05 | OK | |
| r-release-macos-arm64 | 0.6.0 | 38.00 | 30.00 | 68.00 | OK | |
| r-release-macos-x86_64 | 0.6.0 | 54.00 | 65.00 | 119.00 | OK | |
| r-release-windows-x86_64 | 0.6.0 | 136.00 | 144.00 | 280.00 | OK | |
| r-oldrel-macos-arm64 | 0.6.0 | 43.00 | 41.00 | 84.00 | NOTE | |
| r-oldrel-macos-x86_64 | 0.6.0 | 47.00 | 75.00 | 122.00 | NOTE | |
| r-oldrel-windows-x86_64 | 0.6.0 | 168.00 | 182.00 | 350.00 | NOTE |
Version: 0.6.0
Check: package dependencies
Result: NOTE
Package suggested but not available for checking: ‘BOLTSSIRR’
Flavors: r-oldrel-macos-arm64, r-oldrel-macos-x86_64, r-oldrel-windows-x86_64
Version: 0.6.0
Check: installed package size
Result: NOTE
installed size is 10.8Mb
sub-directories of 1Mb or more:
libs 10.1Mb
Flavors: r-oldrel-macos-arm64, r-oldrel-macos-x86_64