CRAN Package Check Results for Package dostats

Last updated on 2025-11-16 06:49:34 CET.

Flavor Version Tinstall Tcheck Ttotal Status Flags
r-devel-linux-x86_64-debian-clang 1.3.3 1.76 23.61 25.37 NOTE
r-devel-linux-x86_64-debian-gcc 1.3.3 1.42 19.94 21.36 NOTE
r-devel-linux-x86_64-fedora-clang 1.3.3 37.48 OK
r-devel-linux-x86_64-fedora-gcc 1.3.3 35.97 OK
r-devel-windows-x86_64 1.3.3 5.00 45.00 50.00 OK
r-patched-linux-x86_64 1.3.3 2.14 22.31 24.45 OK
r-release-linux-x86_64 1.3.3 1.80 22.59 24.39 OK
r-release-macos-arm64 1.3.3 1.00 28.00 29.00 OK
r-release-macos-x86_64 1.3.3 2.00 27.00 29.00 OK
r-release-windows-x86_64 1.3.3 3.00 44.00 47.00 OK
r-oldrel-macos-arm64 1.3.3 1.00 15.00 16.00 OK
r-oldrel-macos-x86_64 1.3.3 2.00 20.00 22.00 OK
r-oldrel-windows-x86_64 1.3.3 4.00 48.00 52.00 OK

Check Details

Version: 1.3.3
Check: CRAN incoming feasibility
Result: NOTE Maintainer: ‘Andrew Redd <Andrew.Redd@hsc.utah.edu>’ No Authors@R field in DESCRIPTION. Please add one, modifying Authors@R: person(given = "Andrew", family = "Redd", role = c("aut", "cre"), email = "Andrew.Redd@hsc.utah.edu") as necessary. Flavors: r-devel-linux-x86_64-debian-clang, r-devel-linux-x86_64-debian-gcc