Last updated on 2025-11-16 00:48:29 CET.
| Flavor | Version | Tinstall | Tcheck | Ttotal | Status | Flags |
|---|---|---|---|---|---|---|
| r-devel-linux-x86_64-debian-clang | 1.3.1-13 | 12.25 | 34.18 | 46.43 | OK | |
| r-devel-linux-x86_64-debian-gcc | 1.3.1-13 | 9.87 | 27.70 | 37.57 | NOTE | |
| r-devel-linux-x86_64-fedora-clang | 1.3.1-13 | 24.00 | 45.25 | 69.25 | OK | |
| r-devel-linux-x86_64-fedora-gcc | 1.3.1-13 | 31.00 | 41.82 | 72.82 | OK | |
| r-devel-windows-x86_64 | 1.3.1-13 | 28.00 | 67.00 | 95.00 | OK | |
| r-patched-linux-x86_64 | 1.3.1-13 | 13.45 | 32.96 | 46.41 | OK | |
| r-release-linux-x86_64 | 1.3.1-13 | 13.32 | 32.71 | 46.03 | OK | |
| r-release-macos-arm64 | 1.3.1-13 | 7.00 | 25.00 | 32.00 | OK | |
| r-release-macos-x86_64 | 1.3.1-13 | 7.00 | 39.00 | 46.00 | OK | |
| r-release-windows-x86_64 | 1.3.1-13 | 19.00 | 67.00 | 86.00 | OK | |
| r-oldrel-macos-arm64 | 1.3.1-13 | 6.00 | 26.00 | 32.00 | OK | |
| r-oldrel-macos-x86_64 | 1.3.1-13 | 12.00 | 44.00 | 56.00 | OK | |
| r-oldrel-windows-x86_64 | 1.3.1-13 | 24.00 | 79.00 | 103.00 | OK |
Version: 1.3.1-13
Check: CRAN incoming feasibility
Result: NOTE
Maintainer: ‘Matthew Fidler <matthew.fidler@gmail.com>’
The BugReports field in DESCRIPTION has
https://github.com/nlmixr2/dparser-R/issues/
which should likely be
https://github.com/nlmixr2/dparser-R/issues/issues
instead.
Flavor: r-devel-linux-x86_64-debian-gcc