CRAN Package Check Results for Package dracor

Last updated on 2025-04-29 13:51:21 CEST.

Flavor Version Tinstall Tcheck Ttotal Status Flags
r-devel-linux-x86_64-debian-clang 0.2.6 113.83 25.44 139.27 OK
r-devel-linux-x86_64-debian-gcc 0.2.6 80.26 20.64 100.90 OK
r-devel-linux-x86_64-fedora-clang 0.2.6 302.01 OK
r-devel-linux-x86_64-fedora-gcc 0.2.6 261.76 OK
r-devel-windows-x86_64 0.2.6 132.00 67.00 199.00 OK
r-patched-linux-x86_64 0.2.6 110.13 23.55 133.68 OK
r-release-linux-x86_64 0.2.6 113.23 23.67 136.90 OK
r-release-macos-arm64 0.2.6 76.00 OK
r-release-macos-x86_64 0.2.6 66.00 OK
r-release-windows-x86_64 0.2.6 140.00 71.00 211.00 OK
r-oldrel-macos-arm64 0.2.6 58.00 NOTE
r-oldrel-macos-x86_64 0.2.6 56.00 NOTE
r-oldrel-windows-x86_64 0.2.6 123.00 77.00 200.00 OK

Additional issues

donttest

Check Details

Version: 0.2.6
Check: installed package size
Result: NOTE installed size is 12.4Mb sub-directories of 1Mb or more: libs 12.2Mb Flavors: r-oldrel-macos-arm64, r-oldrel-macos-x86_64