Last updated on 2025-11-18 20:49:31 CET.
| Flavor | Version | Tinstall | Tcheck | Ttotal | Status | Flags |
|---|---|---|---|---|---|---|
| r-devel-linux-x86_64-debian-clang | 1.0.1 | 11.68 | 94.98 | 106.66 | NOTE | |
| r-devel-linux-x86_64-debian-gcc | 1.0.1 | 8.92 | 70.64 | 79.56 | NOTE | |
| r-devel-linux-x86_64-fedora-clang | 1.0.1 | 22.00 | 143.46 | 165.46 | OK | |
| r-devel-linux-x86_64-fedora-gcc | 1.0.1 | 22.00 | 131.37 | 153.37 | OK | |
| r-devel-windows-x86_64 | 1.0.1 | 15.00 | 89.00 | 104.00 | OK | |
| r-patched-linux-x86_64 | 1.0.1 | 11.21 | 86.89 | 98.10 | OK | |
| r-release-linux-x86_64 | 1.0.1 | 10.22 | 86.75 | 96.97 | OK | |
| r-release-macos-arm64 | 1.0.1 | 6.00 | 43.00 | 49.00 | OK | |
| r-release-macos-x86_64 | 1.0.1 | 8.00 | 73.00 | 81.00 | OK | |
| r-release-windows-x86_64 | 1.0.1 | 13.00 | 88.00 | 101.00 | OK | |
| r-oldrel-macos-arm64 | 1.0.1 | 5.00 | 41.00 | 46.00 | OK | |
| r-oldrel-macos-x86_64 | 1.0.1 | 7.00 | 59.00 | 66.00 | OK | |
| r-oldrel-windows-x86_64 | 1.0.1 | 14.00 | 109.00 | 123.00 | OK |
Version: 1.0.1
Check: CRAN incoming feasibility
Result: NOTE
Maintainer: ‘Kubra Atalay Kabasakal <katalay@hacettepe.edu.tr>’
Package CITATION file contains call(s) to old-style citEntry(). Please
use bibentry() instead.
Flavors: r-devel-linux-x86_64-debian-clang, r-devel-linux-x86_64-debian-gcc