Last updated on 2025-05-17 07:50:17 CEST.
Flavor | Version | Tinstall | Tcheck | Ttotal | Status | Flags |
---|---|---|---|---|---|---|
r-devel-linux-x86_64-debian-clang | 1.0.1 | 15.97 | 116.32 | 132.29 | NOTE | |
r-devel-linux-x86_64-debian-gcc | 1.0.1 | 11.77 | 80.83 | 92.60 | NOTE | |
r-devel-linux-x86_64-fedora-clang | 1.0.1 | 212.49 | NOTE | |||
r-devel-linux-x86_64-fedora-gcc | 1.0.1 | 202.92 | NOTE | |||
r-devel-windows-x86_64 | 1.0.1 | 19.00 | 120.00 | 139.00 | NOTE | |
r-patched-linux-x86_64 | 1.0.1 | 14.56 | 109.52 | 124.08 | NOTE | |
r-release-linux-x86_64 | 1.0.1 | 14.31 | 109.54 | 123.85 | NOTE | |
r-release-macos-arm64 | 1.0.1 | 52.00 | NOTE | |||
r-release-macos-x86_64 | 1.0.1 | 112.00 | NOTE | |||
r-release-windows-x86_64 | 1.0.1 | 19.00 | 127.00 | 146.00 | NOTE | |
r-oldrel-macos-arm64 | 1.0.1 | 52.00 | NOTE | |||
r-oldrel-macos-x86_64 | 1.0.1 | 94.00 | NOTE | |||
r-oldrel-windows-x86_64 | 1.0.1 | 25.00 | 155.00 | 180.00 | NOTE |
Version: 1.0.1
Check: CRAN incoming feasibility
Result: NOTE
Maintainer: ‘Andrea Onofri <andrea.onofri@unipg.it>’
No Authors@R field in DESCRIPTION.
Please add one, modifying
Authors@R: person(given = "Andrea",
family = "Onofri",
role = c("aut", "cre"),
email = "andrea.onofri@unipg.it")
as necessary.
Flavors: r-devel-linux-x86_64-debian-clang, r-devel-linux-x86_64-debian-gcc
Version: 1.0.1
Check: Rd files
Result: NOTE
checkRd: (-1) excalibur.Rd:18: Lost braces; missing escapes or markup?
18 | \item{\code{GR}}{a numeric vector: germination rates in d^{-1}}
| ^
checkRd: (-1) festuca.Rd:16: Lost braces; missing escapes or markup?
16 | \item{\code{GR}}{a numeric vector: germination rates in d^{-1}}
| ^
Flavors: r-devel-linux-x86_64-debian-clang, r-devel-linux-x86_64-debian-gcc, r-devel-linux-x86_64-fedora-clang, r-devel-linux-x86_64-fedora-gcc, r-devel-windows-x86_64, r-patched-linux-x86_64, r-release-linux-x86_64, r-release-macos-arm64, r-release-macos-x86_64, r-release-windows-x86_64, r-oldrel-macos-arm64, r-oldrel-macos-x86_64, r-oldrel-windows-x86_64