Last updated on 2024-07-13 05:49:12 CEST.
Flavor | Version | Tinstall | Tcheck | Ttotal | Status | Flags |
---|---|---|---|---|---|---|
r-devel-linux-x86_64-debian-clang | 2.0.3 | 18.15 | 314.87 | 333.02 | NOTE | |
r-devel-linux-x86_64-debian-gcc | 2.0.3 | 15.75 | 224.44 | 240.19 | NOTE | |
r-devel-linux-x86_64-fedora-clang | 2.0.3 | 398.16 | NOTE | |||
r-devel-linux-x86_64-fedora-gcc | 2.0.3 | 381.46 | NOTE | |||
r-devel-windows-x86_64 | 2.0.3 | 14.00 | 229.00 | 243.00 | NOTE | |
r-patched-linux-x86_64 | 2.0.3 | 17.16 | 302.14 | 319.30 | NOTE | |
r-release-linux-x86_64 | 2.0.3 | 16.58 | 299.94 | 316.52 | NOTE | |
r-release-macos-arm64 | 2.0.3 | 89.00 | NOTE | |||
r-release-macos-x86_64 | 2.0.3 | 172.00 | NOTE | |||
r-release-windows-x86_64 | 2.0.3 | 15.00 | 224.00 | 239.00 | NOTE | |
r-oldrel-macos-arm64 | 2.0.3 | 92.00 | OK | |||
r-oldrel-macos-x86_64 | 2.0.3 | 183.00 | OK | |||
r-oldrel-windows-x86_64 | 2.0.3 | 18.00 | 290.00 | 308.00 | OK |
Version: 2.0.3
Check: Rd files
Result: NOTE
checkRd: (-1) logistic2_fn.Rd:34: Lost braces; missing escapes or markup?
34 | This function allows values other than {0, 1, -1} for \code{alpha} and \code{delta} but
| ^
checkRd: (-1) loglogistic2_fn.Rd:35: Lost braces; missing escapes or markup?
35 | This function allows values other than {0, 1, -1} for \code{alpha} and \code{delta} but
| ^
Flavors: r-devel-linux-x86_64-debian-clang, r-devel-linux-x86_64-debian-gcc, r-devel-linux-x86_64-fedora-clang, r-devel-linux-x86_64-fedora-gcc, r-devel-windows-x86_64, r-patched-linux-x86_64, r-release-linux-x86_64, r-release-macos-arm64, r-release-macos-x86_64, r-release-windows-x86_64