CRAN Package Check Results for Package dtwclust

Last updated on 2025-04-29 19:50:30 CEST.

Flavor Version Tinstall Tcheck Ttotal Status Flags
r-devel-linux-x86_64-debian-clang 6.0.0 126.28 366.08 492.36 NOTE
r-devel-linux-x86_64-debian-gcc 6.0.0 89.84 258.90 348.74 NOTE
r-devel-linux-x86_64-fedora-clang 6.0.0 836.89 OK
r-devel-linux-x86_64-fedora-gcc 6.0.0 816.32 OK
r-devel-windows-x86_64 6.0.0 166.00 343.00 509.00 OK
r-patched-linux-x86_64 6.0.0 128.27 354.94 483.21 OK
r-release-linux-x86_64 6.0.0 124.76 349.41 474.17 OK
r-release-macos-arm64 6.0.0 194.00 OK
r-release-macos-x86_64 6.0.0 451.00 OK
r-release-windows-x86_64 6.0.0 169.00 344.00 513.00 OK
r-oldrel-macos-arm64 6.0.0 118.00 NOTE
r-oldrel-macos-x86_64 6.0.0 181.00 NOTE
r-oldrel-windows-x86_64 6.0.0 185.00 451.00 636.00 NOTE

Check Details

Version: 6.0.0
Check: CRAN incoming feasibility
Result: NOTE Maintainer: ‘Alexis Sarda <alexis.sarda@gmail.com>’ No Authors@R field in DESCRIPTION. Please add one, modifying Authors@R: c(person(given = "Alexis", family = "Sarda-Espinosa", role = "aut"), person(given = "Alexis", family = "Sarda", role = "cre", email = "alexis.sarda@gmail.com")) as necessary. Flavors: r-devel-linux-x86_64-debian-clang, r-devel-linux-x86_64-debian-gcc

Version: 6.0.0
Check: installed package size
Result: NOTE installed size is 9.2Mb sub-directories of 1Mb or more: doc 2.1Mb libs 5.6Mb Flavors: r-oldrel-macos-arm64, r-oldrel-macos-x86_64

Version: 6.0.0
Check: for GNU extensions in Makefiles
Result: NOTE GNU make is a SystemRequirements. Flavors: r-oldrel-macos-arm64, r-oldrel-macos-x86_64, r-oldrel-windows-x86_64