Last updated on 2024-07-13 05:49:12 CEST.
Flavor | Version | Tinstall | Tcheck | Ttotal | Status | Flags |
---|---|---|---|---|---|---|
r-devel-linux-x86_64-debian-clang | 0.2.10 | 4.27 | 33.88 | 38.15 | OK | |
r-devel-linux-x86_64-debian-gcc | 0.2.10 | 3.41 | 25.40 | 28.81 | OK | |
r-devel-linux-x86_64-fedora-clang | 0.2.10 | 46.55 | NOTE | |||
r-devel-linux-x86_64-fedora-gcc | 0.2.10 | 44.94 | OK | |||
r-devel-windows-x86_64 | 0.2.10 | 6.00 | 48.00 | 54.00 | OK | |
r-patched-linux-x86_64 | 0.2.10 | 4.22 | 33.19 | 37.41 | OK | |
r-release-linux-x86_64 | 0.2.10 | 4.86 | 32.26 | 37.12 | OK | |
r-release-macos-arm64 | 0.2.10 | 19.00 | OK | |||
r-release-macos-x86_64 | 0.2.10 | 28.00 | OK | |||
r-release-windows-x86_64 | 0.2.10 | 7.00 | 48.00 | 55.00 | OK | |
r-oldrel-macos-arm64 | 0.2.10 | 111.00 | OK | |||
r-oldrel-macos-x86_64 | 0.2.10 | 135.00 | OK | |||
r-oldrel-windows-x86_64 | 0.2.10 | 6.00 | 54.00 | 60.00 | OK |
Version: 0.2.10
Check: Rd cross-references
Result: NOTE
Undeclared package ‘rdwd’ in Rd xrefs
Flavor: r-devel-linux-x86_64-fedora-clang