Last updated on 2025-04-29 13:51:22 CEST.
Flavor | Version | Tinstall | Tcheck | Ttotal | Status | Flags |
---|---|---|---|---|---|---|
r-devel-linux-x86_64-debian-clang | 0.1.0 | 2.33 | 19.45 | 21.78 | NOTE | |
r-devel-linux-x86_64-debian-gcc | 0.1.0 | 1.55 | 15.50 | 17.05 | NOTE | |
r-devel-linux-x86_64-fedora-clang | 0.1.0 | 33.52 | OK | |||
r-devel-linux-x86_64-fedora-gcc | 0.1.0 | 31.79 | OK | |||
r-devel-windows-x86_64 | 0.1.0 | 4.00 | 39.00 | 43.00 | OK | |
r-patched-linux-x86_64 | 0.1.0 | 2.42 | 18.74 | 21.16 | OK | |
r-release-linux-x86_64 | 0.1.0 | 2.00 | 18.37 | 20.37 | OK | |
r-release-macos-arm64 | 0.1.0 | 16.00 | OK | |||
r-release-macos-x86_64 | 0.1.0 | 24.00 | OK | |||
r-release-windows-x86_64 | 0.1.0 | 4.00 | 41.00 | 45.00 | OK | |
r-oldrel-macos-arm64 | 0.1.0 | 14.00 | OK | |||
r-oldrel-macos-x86_64 | 0.1.0 | 20.00 | OK | |||
r-oldrel-windows-x86_64 | 0.1.0 | 3.00 | 38.00 | 41.00 | OK |
Version: 0.1.0
Check: CRAN incoming feasibility
Result: NOTE
Maintainer: ‘Hugo Gasca-Aragon <hugo_gasca_aragon@hotmail.com>’
No Authors@R field in DESCRIPTION.
Please add one, modifying
Authors@R: person(given = "Hugo",
family = "Gasca-Aragon",
role = c("aut", "cre"),
email = "hugo_gasca_aragon@hotmail.com")
as necessary.
Found the following URLs which should use \doi (with the DOI name only):
File ‘dwlm.Rd’:
https://doi.org/10.1119/1.15963
https://doi.org/10.1119/1.17044
https://doi.org/10.1039/AN9871200377
Flavors: r-devel-linux-x86_64-debian-clang, r-devel-linux-x86_64-debian-gcc