CRAN Package Check Results for Package dySEM

Last updated on 2025-04-29 13:51:22 CEST.

Flavor Version Tinstall Tcheck Ttotal Status Flags
r-devel-linux-x86_64-debian-clang 1.1.1 9.05 92.77 101.82 NOTE
r-devel-linux-x86_64-debian-gcc 1.1.1 5.67 63.73 69.40 NOTE
r-devel-linux-x86_64-fedora-clang 1.1.1 159.46 NOTE
r-devel-linux-x86_64-fedora-gcc 1.1.1 161.65 NOTE
r-devel-windows-x86_64 1.1.1 9.00 108.00 117.00 NOTE
r-patched-linux-x86_64 1.1.1 9.48 87.14 96.62 NOTE
r-release-linux-x86_64 1.1.1 8.17 85.68 93.85 NOTE
r-release-macos-arm64 1.1.1 62.00 NOTE
r-release-macos-x86_64 1.1.1 100.00 NOTE
r-release-windows-x86_64 1.1.1 10.00 109.00 119.00 NOTE
r-oldrel-macos-arm64 1.1.1 66.00 OK
r-oldrel-macos-x86_64 1.1.1 96.00 OK
r-oldrel-windows-x86_64 1.1.1 12.00 134.00 146.00 OK

Check Details

Version: 1.1.1
Check: DESCRIPTION meta-information
Result: NOTE Missing dependency on R >= 4.1.0 because package code uses the pipe |> or function shorthand \(...) syntax added in R 4.1.0. File(s) using such syntax: ‘getConstraintTests.R’ ‘getInvarCompTable.R’ ‘outputConstraintTab.R’ ‘outputInvarCompTab.R’ Flavors: r-devel-linux-x86_64-debian-clang, r-devel-linux-x86_64-debian-gcc, r-devel-linux-x86_64-fedora-clang, r-devel-linux-x86_64-fedora-gcc, r-devel-windows-x86_64, r-patched-linux-x86_64, r-release-linux-x86_64, r-release-macos-arm64, r-release-macos-x86_64, r-release-windows-x86_64

Version: 1.1.1
Check: examples
Result: NOTE Examples with CPU (user + system) or elapsed time > 5s user system elapsed outputModel 8.053 0.403 10.508 Flavor: r-devel-linux-x86_64-debian-clang

Version: 1.1.1
Check: examples
Result: NOTE Examples with CPU (user + system) or elapsed time > 5s user system elapsed outputModel 5.052 0.376 6.212 Flavor: r-devel-linux-x86_64-debian-gcc