Last updated on 2024-07-13 11:49:11 CEST.
Flavor | Version | Tinstall | Tcheck | Ttotal | Status | Flags |
---|---|---|---|---|---|---|
r-devel-linux-x86_64-debian-clang | 1.5.2 | 60.59 | 815.15 | 875.74 | NOTE | |
r-devel-linux-x86_64-debian-gcc | 1.5.2 | 52.70 | 581.33 | 634.03 | NOTE | |
r-devel-linux-x86_64-fedora-clang | 1.5.2 | 930.71 | NOTE | |||
r-devel-linux-x86_64-fedora-gcc | 1.5.2 | 1071.46 | NOTE | |||
r-devel-windows-x86_64 | 1.5.2 | 57.00 | 511.00 | 568.00 | NOTE | |
r-patched-linux-x86_64 | 1.5.2 | 51.96 | 779.36 | 831.32 | NOTE | |
r-release-linux-x86_64 | 1.5.2 | 41.83 | 791.47 | 833.30 | NOTE | |
r-release-macos-arm64 | 1.5.2 | 267.00 | NOTE | |||
r-release-macos-x86_64 | 1.5.2 | 718.00 | NOTE | |||
r-release-windows-x86_64 | 1.5.2 | 49.00 | 505.00 | 554.00 | NOTE | |
r-oldrel-macos-arm64 | 1.5.2 | 388.00 | NOTE | |||
r-oldrel-macos-x86_64 | 1.5.2 | 1065.00 | NOTE | |||
r-oldrel-windows-x86_64 | 1.5.2 | 66.00 | 657.00 | 723.00 | NOTE |
Version: 1.5.2
Check: package dependencies
Result: NOTE
Package suggested but not available for checking: ‘cmdstanr’
Flavors: r-devel-linux-x86_64-debian-clang, r-devel-linux-x86_64-debian-gcc, r-devel-linux-x86_64-fedora-clang, r-devel-linux-x86_64-fedora-gcc, r-devel-windows-x86_64, r-patched-linux-x86_64, r-release-linux-x86_64, r-release-macos-arm64, r-release-macos-x86_64, r-release-windows-x86_64, r-oldrel-macos-arm64, r-oldrel-macos-x86_64, r-oldrel-windows-x86_64
Version: 1.5.2
Check: Rd cross-references
Result: NOTE
Package unavailable to check Rd xrefs: ‘cmdstanr’
Flavors: r-devel-linux-x86_64-debian-clang, r-devel-linux-x86_64-debian-gcc, r-devel-linux-x86_64-fedora-clang, r-devel-linux-x86_64-fedora-gcc, r-devel-windows-x86_64, r-patched-linux-x86_64, r-release-linux-x86_64, r-release-macos-arm64, r-release-macos-x86_64, r-release-windows-x86_64, r-oldrel-macos-arm64, r-oldrel-macos-x86_64, r-oldrel-windows-x86_64
Version: 1.5.2
Check: installed package size
Result: NOTE
installed size is 13.4Mb
sub-directories of 1Mb or more:
R 3.5Mb
data 9.3Mb
Flavors: r-devel-linux-x86_64-fedora-clang, r-devel-windows-x86_64, r-release-macos-arm64, r-release-macos-x86_64, r-release-windows-x86_64, r-oldrel-macos-arm64, r-oldrel-macos-x86_64, r-oldrel-windows-x86_64