Last updated on 2024-07-13 05:49:12 CEST.
Flavor | Version | Tinstall | Tcheck | Ttotal | Status | Flags |
---|---|---|---|---|---|---|
r-devel-linux-x86_64-debian-clang | 0.2.3 | 50.03 | 84.86 | 134.89 | NOTE | |
r-devel-linux-x86_64-debian-gcc | 0.2.3 | 34.59 | 63.23 | 97.82 | NOTE | |
r-devel-linux-x86_64-fedora-clang | 0.2.3 | 191.85 | NOTE | |||
r-devel-linux-x86_64-fedora-gcc | 0.2.3 | 195.91 | NOTE | |||
r-devel-windows-x86_64 | 0.2.3 | 40.00 | 113.00 | 153.00 | NOTE | |
r-patched-linux-x86_64 | 0.2.3 | 39.85 | 81.94 | 121.79 | NOTE | |
r-release-linux-x86_64 | 0.2.3 | 40.23 | 82.10 | 122.33 | NOTE | |
r-release-macos-arm64 | 0.2.3 | 58.00 | NOTE | |||
r-release-macos-x86_64 | 0.2.3 | 78.00 | NOTE | |||
r-release-windows-x86_64 | 0.2.3 | 39.00 | 112.00 | 151.00 | NOTE | |
r-oldrel-macos-arm64 | 0.2.3 | 70.00 | NOTE | |||
r-oldrel-macos-x86_64 | 0.2.3 | 98.00 | NOTE | |||
r-oldrel-windows-x86_64 | 0.2.3 | 49.00 | 132.00 | 181.00 | NOTE |
Version: 0.2.3
Check: C++ specification
Result: NOTE
Specified C++11: please drop specification unless essential
Flavors: r-devel-linux-x86_64-debian-clang, r-devel-linux-x86_64-debian-gcc, r-devel-linux-x86_64-fedora-clang, r-devel-linux-x86_64-fedora-gcc, r-devel-windows-x86_64, r-patched-linux-x86_64, r-release-linux-x86_64, r-release-macos-arm64, r-release-macos-x86_64, r-release-windows-x86_64, r-oldrel-macos-arm64, r-oldrel-macos-x86_64, r-oldrel-windows-x86_64