CRAN Package Check Results for Package eHDPrep

Last updated on 2025-04-30 19:50:00 CEST.

Flavor Version Tinstall Tcheck Ttotal Status Flags
r-devel-linux-x86_64-debian-clang 1.3.3 17.20 295.21 312.41 NOTE
r-devel-linux-x86_64-debian-gcc 1.3.3 11.94 196.43 208.37 NOTE
r-devel-linux-x86_64-fedora-clang 1.3.3 471.38 OK
r-devel-linux-x86_64-fedora-gcc 1.3.3 471.21 OK
r-devel-windows-x86_64 1.3.3 19.00 346.00 365.00 NOTE
r-patched-linux-x86_64 1.3.3 16.13 281.15 297.28 NOTE
r-release-linux-x86_64 1.3.3 14.48 280.59 295.07 NOTE
r-release-macos-arm64 1.3.3 129.00 OK
r-release-macos-x86_64 1.3.3 551.00 OK
r-release-windows-x86_64 1.3.3 17.00 338.00 355.00 NOTE
r-oldrel-macos-arm64 1.3.3 126.00 OK
r-oldrel-macos-x86_64 1.3.3 263.00 OK
r-oldrel-windows-x86_64 1.3.3 23.00 399.00 422.00 OK

Check Details

Version: 1.3.3
Check: Rd cross-references
Result: NOTE Found the following Rd file(s) with Rd \link{} targets missing package anchors: join_vars_to_ontol.Rd: tidygraph metavariable_agg.Rd: tidygraph Please provide package anchors for all Rd \link{} targets not in the package itself and the base packages. Flavors: r-devel-linux-x86_64-debian-clang, r-devel-linux-x86_64-debian-gcc, r-devel-windows-x86_64, r-patched-linux-x86_64, r-release-linux-x86_64, r-release-windows-x86_64