CRAN Package Check Results for Package eSIR

Last updated on 2025-04-29 13:51:22 CEST.

Flavor Version Tinstall Tcheck Ttotal Status Flags
r-devel-linux-x86_64-debian-clang 0.4.2 10.75 78.65 89.40 NOTE
r-devel-linux-x86_64-debian-gcc 0.4.2 6.61 54.92 61.53 NOTE
r-devel-linux-x86_64-fedora-clang 0.4.2 134.80 NOTE
r-devel-linux-x86_64-fedora-gcc 0.4.2 127.39 NOTE
r-devel-windows-x86_64 0.4.2 12.00 98.00 110.00 NOTE
r-patched-linux-x86_64 0.4.2 8.73 72.59 81.32 NOTE
r-release-linux-x86_64 0.4.2 10.13 72.12 82.25 NOTE
r-release-macos-arm64 0.4.2 53.00 NOTE
r-release-macos-x86_64 0.4.2 74.00 NOTE
r-release-windows-x86_64 0.4.2 12.00 98.00 110.00 NOTE
r-oldrel-macos-arm64 0.4.2 36.00 NOTE
r-oldrel-macos-x86_64 0.4.2 68.00 NOTE
r-oldrel-windows-x86_64 0.4.2 13.00 114.00 127.00 NOTE

Check Details

Version: 0.4.2
Check: Rd files
Result: NOTE checkRd: (-1) USA_state_N.Rd:10: Lost braces in \itemize; meant \describe ? checkRd: (-1) USA_state_N.Rd:11: Lost braces in \itemize; meant \describe ? checkRd: (-1) confirmed.Rd:10: Lost braces in \itemize; meant \describe ? checkRd: (-1) confirmed.Rd:11: Lost braces in \itemize; meant \describe ? checkRd: (-1) death.Rd:10: Lost braces in \itemize; meant \describe ? checkRd: (-1) death.Rd:11: Lost braces in \itemize; meant \describe ? checkRd: (-1) recovered.Rd:10: Lost braces in \itemize; meant \describe ? checkRd: (-1) recovered.Rd:11: Lost braces in \itemize; meant \describe ? Flavors: r-devel-linux-x86_64-debian-clang, r-devel-linux-x86_64-debian-gcc, r-devel-linux-x86_64-fedora-clang, r-devel-linux-x86_64-fedora-gcc, r-devel-windows-x86_64, r-patched-linux-x86_64, r-release-linux-x86_64, r-release-macos-arm64, r-release-macos-x86_64, r-release-windows-x86_64, r-oldrel-macos-arm64, r-oldrel-macos-x86_64, r-oldrel-windows-x86_64

Version: 0.4.2
Check: examples
Result: NOTE Examples with CPU (user + system) or elapsed time > 5s user system elapsed tvt.eSIR2 4.239 0.004 5.008 tvt.eSIR 4.083 0.035 5.177 Flavor: r-devel-linux-x86_64-debian-clang