Last updated on 2024-07-13 05:49:12 CEST.
Flavor | Version | Tinstall | Tcheck | Ttotal | Status | Flags |
---|---|---|---|---|---|---|
r-devel-linux-x86_64-debian-clang | 0.1.2 | 58.26 | 89.18 | 147.44 | OK | |
r-devel-linux-x86_64-debian-gcc | 0.1.2 | 42.59 | 67.46 | 110.05 | OK | |
r-devel-linux-x86_64-fedora-clang | 0.1.2 | 190.30 | OK | |||
r-devel-linux-x86_64-fedora-gcc | 0.1.2 | 208.14 | OK | |||
r-devel-windows-x86_64 | 0.1.2 | 42.00 | 122.00 | 164.00 | NOTE | |
r-patched-linux-x86_64 | 0.1.2 | 47.99 | 87.53 | 135.52 | OK | |
r-release-linux-x86_64 | 0.1.2 | 51.61 | 83.75 | 135.36 | OK | |
r-release-macos-arm64 | 0.1.2 | 56.00 | NOTE | |||
r-release-macos-x86_64 | 0.1.2 | 86.00 | NOTE | |||
r-release-windows-x86_64 | 0.1.2 | 40.00 | 118.00 | 158.00 | OK | |
r-oldrel-macos-arm64 | 0.1.2 | 228.00 | NOTE | |||
r-oldrel-macos-x86_64 | 0.1.2 | 209.00 | NOTE | |||
r-oldrel-windows-x86_64 | 0.1.2 | 50.00 | 138.00 | 188.00 | OK |
Version: 0.1.2
Check: Rd cross-references
Result: NOTE
Found the following Rd file(s) with Rd \link{} targets missing package
anchors:
Earthtide_class.Rd: R6Class
Please provide package anchors for all Rd \link{} targets not in the
package itself and the base packages.
Flavor: r-devel-windows-x86_64
Version: 0.1.2
Check: installed package size
Result: NOTE
installed size is 15.5Mb
sub-directories of 1Mb or more:
R 2.5Mb
libs 12.5Mb
Flavors: r-release-macos-arm64, r-release-macos-x86_64, r-oldrel-macos-arm64, r-oldrel-macos-x86_64