CRAN Package Check Results for Package easyr

Last updated on 2025-10-28 18:49:51 CET.

Flavor Version Tinstall Tcheck Ttotal Status Flags
r-devel-linux-x86_64-debian-clang 0.5-11 5.32 57.15 62.47 OK
r-devel-linux-x86_64-debian-gcc 0.5-11 3.54 38.69 42.23 OK
r-devel-linux-x86_64-fedora-clang 0.5-11 10.00 86.25 96.25 NOTE
r-devel-linux-x86_64-fedora-gcc 0.5-11 11.00 94.54 105.54 NOTE
r-devel-windows-x86_64 0.5-11 7.00 87.00 94.00 OK
r-patched-linux-x86_64 0.5-11 5.84 52.78 58.62 OK
r-release-linux-x86_64 0.5-11 4.42 54.68 59.10 OK
r-release-macos-arm64 0.5-11 3.00 42.00 45.00 OK
r-release-macos-x86_64 0.5-11 4.00 59.00 63.00 OK
r-release-windows-x86_64 0.5-11 7.00 93.00 100.00 OK
r-oldrel-macos-arm64 0.5-11 2.00 36.00 38.00 OK
r-oldrel-macos-x86_64 0.5-11 3.00 64.00 67.00 OK
r-oldrel-windows-x86_64 0.5-11 8.00 108.00 116.00 OK

Check Details

Version: 0.5-11
Check: dependencies in R code
Result: NOTE Namespace in Imports field not imported from: ‘rprojroot’ All declared Imports should be used. Flavors: r-devel-linux-x86_64-fedora-clang, r-devel-linux-x86_64-fedora-gcc