Last updated on 2025-04-29 13:51:22 CEST.
Flavor | Version | Tinstall | Tcheck | Ttotal | Status | Flags |
---|---|---|---|---|---|---|
r-devel-linux-x86_64-debian-clang | 2.0.1 | 1.64 | 17.77 | 19.41 | NOTE | |
r-devel-linux-x86_64-debian-gcc | 2.0.1 | 1.38 | 14.36 | 15.74 | NOTE | |
r-devel-linux-x86_64-fedora-clang | 2.0.1 | 30.10 | OK | |||
r-devel-linux-x86_64-fedora-gcc | 2.0.1 | 28.50 | OK | |||
r-devel-windows-x86_64 | 2.0.1 | 3.00 | 38.00 | 41.00 | OK | |
r-patched-linux-x86_64 | 2.0.1 | 1.74 | 16.95 | 18.69 | OK | |
r-release-linux-x86_64 | 2.0.1 | 1.44 | 16.96 | 18.40 | OK | |
r-release-macos-arm64 | 2.0.1 | 16.00 | OK | |||
r-release-macos-x86_64 | 2.0.1 | 22.00 | OK | |||
r-release-windows-x86_64 | 2.0.1 | 2.00 | 39.00 | 41.00 | OK | |
r-oldrel-macos-arm64 | 2.0.1 | 15.00 | OK | |||
r-oldrel-macos-x86_64 | 2.0.1 | 20.00 | OK | |||
r-oldrel-windows-x86_64 | 2.0.1 | 3.00 | 36.00 | 39.00 | OK |
Version: 2.0.1
Check: CRAN incoming feasibility
Result: NOTE
Maintainer: ‘Gongyi Huang<53hgy@163.com>’
No Authors@R field in DESCRIPTION.
Please add one, modifying
Authors@R: c(person(given = "Na",
family = "You",
role = "aut",
email = "youn@mail.sysu.edu.cn"),
person(given = "Gongyi",
family = "Huang",
role = c("aut", "cre"),
email = "53hgy@163.com"))
as necessary.
Flavors: r-devel-linux-x86_64-debian-clang, r-devel-linux-x86_64-debian-gcc