Last updated on 2025-11-16 00:48:30 CET.
| Flavor | Version | Tinstall | Tcheck | Ttotal | Status | Flags |
|---|---|---|---|---|---|---|
| r-devel-linux-x86_64-debian-clang | 0.4.6 | 14.43 | 124.98 | 139.41 | OK | |
| r-devel-linux-x86_64-debian-gcc | 0.4.6 | 8.79 | 84.44 | 93.23 | NOTE | |
| r-devel-linux-x86_64-fedora-clang | 0.4.6 | 32.00 | 177.64 | 209.64 | OK | |
| r-devel-linux-x86_64-fedora-gcc | 0.4.6 | 32.00 | 167.82 | 199.82 | OK | |
| r-devel-windows-x86_64 | 0.4.6 | 22.00 | 161.00 | 183.00 | OK | |
| r-patched-linux-x86_64 | 0.4.6 | 14.13 | 115.87 | 130.00 | OK | |
| r-release-linux-x86_64 | 0.4.6 | 13.04 | 117.39 | 130.43 | OK | |
| r-release-macos-arm64 | 0.4.6 | 6.00 | 55.00 | 61.00 | OK | |
| r-release-macos-x86_64 | 0.4.6 | 12.00 | 116.00 | 128.00 | OK | |
| r-release-windows-x86_64 | 0.4.6 | 17.00 | 157.00 | 174.00 | OK | |
| r-oldrel-macos-arm64 | 0.4.6 | 6.00 | 58.00 | 64.00 | OK | |
| r-oldrel-macos-x86_64 | 0.4.6 | 14.00 | 147.00 | 161.00 | OK | |
| r-oldrel-windows-x86_64 | 0.4.6 | 23.00 | 194.00 | 217.00 | OK |
Version: 0.4.6
Check: CRAN incoming feasibility
Result: NOTE
Maintainer: ‘David Munoz Tord <david.munoztord@mailbox.org>’
The BugReports field in DESCRIPTION has
https://github.com/JohnCoene/echarts4r/issues/
which should likely be
https://github.com/JohnCoene/echarts4r/issues/issues
instead.
Flavor: r-devel-linux-x86_64-debian-gcc