CRAN Package Check Results for Package echarty

Last updated on 2025-11-16 06:49:35 CET.

Flavor Version Tinstall Tcheck Ttotal Status Flags
r-devel-linux-x86_64-debian-clang 1.7.0 6.97 68.49 75.46 OK
r-devel-linux-x86_64-debian-gcc 1.7.0 5.11 48.48 53.59 NOTE
r-devel-linux-x86_64-fedora-clang 1.7.0 18.00 98.80 116.80 OK
r-devel-linux-x86_64-fedora-gcc 1.7.0 13.00 111.07 124.07 OK
r-devel-windows-x86_64 1.7.0 11.00 83.00 94.00 OK
r-patched-linux-x86_64 1.7.0 6.53 63.83 70.36 OK
r-release-linux-x86_64 1.7.0 6.65 66.07 72.72 OK
r-release-macos-arm64 1.7.0 3.00 40.00 43.00 OK
r-release-macos-x86_64 1.7.0 10.00 153.00 163.00 OK
r-release-windows-x86_64 1.7.0 11.00 81.00 92.00 OK
r-oldrel-macos-arm64 1.7.0 3.00 48.00 51.00 OK
r-oldrel-macos-x86_64 1.7.0 7.00 114.00 121.00 OK
r-oldrel-windows-x86_64 1.7.0 13.00 98.00 111.00 OK

Check Details

Version: 1.7.0
Check: CRAN incoming feasibility
Result: NOTE Maintainer: ‘Larry Helgason <larry@helgasoft.com>’ The BugReports field in DESCRIPTION has https://github.com/helgasoft/echarty/issues/ which should likely be https://github.com/helgasoft/echarty/issues/issues instead. Flavor: r-devel-linux-x86_64-debian-gcc