Last updated on 2025-04-29 13:51:22 CEST.
Flavor | Version | Tinstall | Tcheck | Ttotal | Status | Flags |
---|---|---|---|---|---|---|
r-devel-linux-x86_64-debian-clang | 2.9.3.3 | 34.72 | 335.44 | 370.16 | NOTE | |
r-devel-linux-x86_64-debian-gcc | 2.9.3.3 | 21.21 | 218.91 | 240.12 | NOTE | |
r-devel-linux-x86_64-fedora-clang | 2.9.3.3 | 566.27 | OK | |||
r-devel-linux-x86_64-fedora-gcc | 2.9.3.3 | 551.83 | OK | |||
r-devel-windows-x86_64 | 2.9.3.3 | 31.00 | 259.00 | 290.00 | OK | |
r-patched-linux-x86_64 | 2.9.3.3 | 29.51 | 315.45 | 344.96 | OK | |
r-release-linux-x86_64 | 2.9.3.3 | 32.41 | 313.15 | 345.56 | OK | |
r-release-macos-arm64 | 2.9.3.3 | 126.00 | OK | |||
r-release-macos-x86_64 | 2.9.3.3 | 302.00 | OK | |||
r-release-windows-x86_64 | 2.9.3.3 | 32.00 | 267.00 | 299.00 | OK | |
r-oldrel-macos-arm64 | 2.9.3.3 | 133.00 | OK | |||
r-oldrel-macos-x86_64 | 2.9.3.3 | 330.00 | OK | |||
r-oldrel-windows-x86_64 | 2.9.3.3 | 41.00 | 363.00 | 404.00 | OK |
Version: 2.9.3.3
Check: examples
Result: NOTE
Examples with CPU (user + system) or elapsed time > 5s
user system elapsed
sampleIndicator 8.129 1.219 7.755
gaugeIndicator 5.086 0.933 5.130
EBVstats 5.064 0.682 5.382
plot.Indicator 4.617 0.701 3.909
Flavor: r-devel-linux-x86_64-debian-clang
Version: 2.9.3.3
Check: examples
Result: NOTE
Examples with CPU (user + system) or elapsed time > 5s
user system elapsed
sampleIndicator 5.411 1.37 5.957
Flavor: r-devel-linux-x86_64-debian-gcc