Last updated on 2025-11-16 00:48:30 CET.
| Flavor | Version | Tinstall | Tcheck | Ttotal | Status | Flags |
|---|---|---|---|---|---|---|
| r-devel-linux-x86_64-debian-clang | 2.0.0 | 17.13 | 117.03 | 134.16 | OK | |
| r-devel-linux-x86_64-debian-gcc | 2.0.0 | 11.62 | 87.10 | 98.72 | NOTE | |
| r-devel-linux-x86_64-fedora-clang | 2.0.0 | 39.00 | 177.38 | 216.38 | OK | |
| r-devel-linux-x86_64-fedora-gcc | 2.0.0 | 42.00 | 178.96 | 220.96 | OK | |
| r-devel-windows-x86_64 | 2.0.0 | 27.00 | 189.00 | 216.00 | OK | |
| r-patched-linux-x86_64 | 2.0.0 | 17.87 | 117.96 | 135.83 | OK | |
| r-release-linux-x86_64 | 2.0.0 | 19.90 | 115.95 | 135.85 | OK | |
| r-release-macos-arm64 | 2.0.0 | 11.00 | 69.00 | 80.00 | OK | |
| r-release-macos-x86_64 | 2.0.0 | 17.00 | 119.00 | 136.00 | OK | |
| r-release-windows-x86_64 | 2.0.0 | 22.00 | 166.00 | 188.00 | OK | |
| r-oldrel-macos-arm64 | 2.0.0 | 9.00 | 65.00 | 74.00 | NOTE | |
| r-oldrel-macos-x86_64 | 2.0.0 | 36.00 | 136.00 | 172.00 | NOTE | |
| r-oldrel-windows-x86_64 | 2.0.0 | 30.00 | 186.00 | 216.00 | OK |
Version: 2.0.0
Check: CRAN incoming feasibility
Result: NOTE
Maintainer: ‘Mauricio Vargas Sepulveda <m.sepulveda@mail.utoronto.ca>’
The BugReports field in DESCRIPTION has
https://github.com/pachadotdev/economiccomplexity/issues/
which should likely be
https://github.com/pachadotdev/economiccomplexity/issues/issues
instead.
Flavor: r-devel-linux-x86_64-debian-gcc
Version: 2.0.0
Check: installed package size
Result: NOTE
installed size is 5.7Mb
sub-directories of 1Mb or more:
data 1.7Mb
doc 1.7Mb
libs 2.0Mb
Flavors: r-oldrel-macos-arm64, r-oldrel-macos-x86_64