Last updated on 2025-04-29 19:50:30 CEST.
Flavor | Version | Tinstall | Tcheck | Ttotal | Status | Flags |
---|---|---|---|---|---|---|
r-devel-linux-x86_64-debian-clang | 1.2.1 | 9.42 | 324.88 | 334.30 | NOTE | |
r-devel-linux-x86_64-debian-gcc | 1.2.1 | 8.05 | 225.73 | 233.78 | OK | |
r-devel-linux-x86_64-fedora-clang | 1.2.1 | 553.54 | OK | |||
r-devel-linux-x86_64-fedora-gcc | 1.2.1 | 551.20 | OK | |||
r-devel-windows-x86_64 | 1.2.1 | 12.00 | 292.00 | 304.00 | OK | |
r-patched-linux-x86_64 | 1.2.1 | 10.91 | 314.87 | 325.78 | OK | |
r-release-linux-x86_64 | 1.2.1 | 11.39 | 309.65 | 321.04 | OK | |
r-release-macos-arm64 | 1.2.1 | 159.00 | OK | |||
r-release-macos-x86_64 | 1.2.1 | 532.00 | OK | |||
r-release-windows-x86_64 | 1.2.1 | 13.00 | 283.00 | 296.00 | OK | |
r-oldrel-macos-arm64 | 1.2.1 | 175.00 | OK | |||
r-oldrel-macos-x86_64 | 1.2.1 | 411.00 | OK | |||
r-oldrel-windows-x86_64 | 1.2.1 | 17.00 | 394.00 | 411.00 | OK |
Version: 1.2.1
Check: examples
Result: NOTE
Examples with CPU (user + system) or elapsed time > 5s
user system elapsed
plotenvelope 5.121 0.15 6.267
Flavor: r-devel-linux-x86_64-debian-clang