Last updated on 2025-11-16 12:49:29 CET.
| Flavor | Version | Tinstall | Tcheck | Ttotal | Status | Flags |
|---|---|---|---|---|---|---|
| r-devel-linux-x86_64-debian-clang | 0.9.5 | 18.47 | 195.67 | 214.14 | OK | |
| r-devel-linux-x86_64-debian-gcc | 0.9.5 | 13.03 | 131.27 | 144.30 | NOTE | |
| r-devel-linux-x86_64-fedora-clang | 0.9.5 | 45.00 | 265.47 | 310.47 | OK | |
| r-devel-linux-x86_64-fedora-gcc | 0.9.5 | 42.00 | 259.45 | 301.45 | OK | |
| r-devel-windows-x86_64 | 0.9.5 | 30.00 | 218.00 | 248.00 | OK | |
| r-patched-linux-x86_64 | 0.9.5 | 21.56 | 170.38 | 191.94 | OK | |
| r-release-linux-x86_64 | 0.9.5 | 19.77 | 170.59 | 190.36 | OK | |
| r-release-macos-arm64 | 0.9.5 | 7.00 | 66.00 | 73.00 | OK | |
| r-release-macos-x86_64 | 0.9.5 | 16.00 | 163.00 | 179.00 | OK | |
| r-release-windows-x86_64 | 0.9.5 | 24.00 | 171.00 | 195.00 | OK | |
| r-oldrel-macos-arm64 | 0.9.5 | 7.00 | 65.00 | 72.00 | OK | |
| r-oldrel-macos-x86_64 | 0.9.5 | 17.00 | 150.00 | 167.00 | OK | |
| r-oldrel-windows-x86_64 | 0.9.5 | 30.00 | 264.00 | 294.00 | OK |
Version: 0.9.5
Check: CRAN incoming feasibility
Result: NOTE
Maintainer: ‘Gert Janssenswillen <gert.janssenswillen@uhasselt.be>’
The BugReports field in DESCRIPTION has
https://github.com/bupaverse/edeaR/issues/
which should likely be
https://github.com/bupaverse/edeaR/issues/issues
instead.
Flavor: r-devel-linux-x86_64-debian-gcc