CRAN Package Check Results for Package edgeCorr

Last updated on 2025-04-29 13:51:22 CEST.

Flavor Version Tinstall Tcheck Ttotal Status Flags
r-devel-linux-x86_64-debian-clang 1.0 1.58 20.05 21.63 NOTE
r-devel-linux-x86_64-debian-gcc 1.0 1.40 16.61 18.01 NOTE
r-devel-linux-x86_64-fedora-clang 1.0 33.61 OK
r-devel-linux-x86_64-fedora-gcc 1.0 32.73 OK
r-devel-windows-x86_64 1.0 4.00 47.00 51.00 OK
r-patched-linux-x86_64 1.0 1.84 19.37 21.21 OK
r-release-linux-x86_64 1.0 1.44 19.26 20.70 OK
r-release-macos-arm64 1.0 18.00 OK
r-release-macos-x86_64 1.0 25.00 OK
r-release-windows-x86_64 1.0 4.00 49.00 53.00 OK
r-oldrel-macos-arm64 1.0 16.00 OK
r-oldrel-macos-x86_64 1.0 23.00 OK
r-oldrel-windows-x86_64 1.0 3.00 46.00 49.00 OK

Check Details

Version: 1.0
Check: CRAN incoming feasibility
Result: NOTE Maintainer: ‘Glenna Nightingale <glenna.evans@gmail.com>’ No Authors@R field in DESCRIPTION. Please add one, modifying Authors@R: person(given = "Glenna", family = "Nightingale", role = c("aut", "cre"), email = "glenna.evans@gmail.com") as necessary. Flavors: r-devel-linux-x86_64-debian-clang, r-devel-linux-x86_64-debian-gcc