Last updated on 2025-10-25 00:49:35 CEST.
| Flavor | Version | Tinstall | Tcheck | Ttotal | Status | Flags |
|---|---|---|---|---|---|---|
| r-devel-linux-x86_64-debian-clang | 0.2.1 | 8.05 | 101.75 | 109.80 | NOTE | |
| r-devel-linux-x86_64-debian-gcc | 0.2.1 | 5.60 | 69.09 | 74.69 | NOTE | |
| r-devel-linux-x86_64-fedora-clang | 0.2.1 | 23.00 | 148.37 | 171.37 | NOTE | |
| r-devel-linux-x86_64-fedora-gcc | 0.2.1 | 21.00 | 156.70 | 177.70 | NOTE | |
| r-devel-windows-x86_64 | 0.2.1 | 12.00 | 105.00 | 117.00 | NOTE | |
| r-patched-linux-x86_64 | 0.2.1 | 7.18 | 91.07 | 98.25 | NOTE | |
| r-release-linux-x86_64 | 0.2.1 | 7.28 | 92.79 | 100.07 | NOTE | |
| r-release-macos-arm64 | 0.2.1 | 4.00 | 66.00 | 70.00 | NOTE | |
| r-release-macos-x86_64 | 0.2.1 | 8.00 | 99.00 | 107.00 | NOTE | |
| r-release-windows-x86_64 | 0.2.1 | 12.00 | 105.00 | 117.00 | NOTE | |
| r-oldrel-macos-arm64 | 0.2.1 | 3.00 | 49.00 | 52.00 | OK | |
| r-oldrel-macos-x86_64 | 0.2.1 | 5.00 | 73.00 | 78.00 | OK | |
| r-oldrel-windows-x86_64 | 0.2.1 | 13.00 | 136.00 | 149.00 | OK |
Version: 0.2.1
Check: DESCRIPTION meta-information
Result: NOTE
Author field differs from that derived from Authors@R
Author: ‘Josep Pueyo-Ros [aut, cre] (<https://orcid.org/0000-0002-1236-5651>), ICRA - Catalan Institute for Water Research [fnd] (Edicitnet, 776665)’
Authors@R: ‘Josep Pueyo-Ros [aut, cre] (ORCID: <https://orcid.org/0000-0002-1236-5651>), ICRA - Catalan Institute for Water Research [fnd] (project: Edicitnet, grant_agreement: 776665)’
Missing dependency on R >= 4.1.0 because package code uses the pipe
|> or function shorthand \(...) syntax added in R 4.1.0.
File(s) using such syntax:
‘indicator_volunteers.R’
Flavors: r-devel-linux-x86_64-debian-clang, r-devel-linux-x86_64-debian-gcc
Version: 0.2.1
Check: DESCRIPTION meta-information
Result: NOTE
Missing dependency on R >= 4.1.0 because package code uses the pipe
|> or function shorthand \(...) syntax added in R 4.1.0.
File(s) using such syntax:
‘indicator_volunteers.R’
Flavors: r-devel-linux-x86_64-fedora-clang, r-devel-linux-x86_64-fedora-gcc, r-devel-windows-x86_64, r-patched-linux-x86_64, r-release-linux-x86_64, r-release-macos-arm64, r-release-macos-x86_64, r-release-windows-x86_64