Last updated on 2025-11-16 18:49:28 CET.
| Flavor | Version | Tinstall | Tcheck | Ttotal | Status | Flags |
|---|---|---|---|---|---|---|
| r-devel-linux-x86_64-debian-clang | 1.2.0 | 69.70 | 70.82 | 140.52 | OK | |
| r-devel-linux-x86_64-debian-gcc | 1.2.0 | 68.61 | 56.26 | 124.87 | OK | |
| r-devel-linux-x86_64-fedora-clang | 1.2.0 | 133.00 | 88.87 | 221.87 | OK | |
| r-devel-linux-x86_64-fedora-gcc | 1.2.0 | 203.00 | 70.55 | 273.55 | OK | |
| r-devel-windows-x86_64 | 1.2.0 | 91.00 | 100.00 | 191.00 | OK | |
| r-patched-linux-x86_64 | 1.2.0 | 87.87 | 71.02 | 158.89 | OK | |
| r-release-linux-x86_64 | 1.2.0 | 85.41 | 71.18 | 156.59 | OK | |
| r-release-macos-arm64 | 1.2.0 | 48.00 | 43.00 | 91.00 | OK | |
| r-release-macos-x86_64 | 1.2.0 | 81.00 | 57.00 | 138.00 | OK | |
| r-release-windows-x86_64 | 1.2.0 | 82.00 | 98.00 | 180.00 | OK | |
| r-oldrel-macos-arm64 | 1.2.0 | 33.00 | 30.00 | 63.00 | NOTE | |
| r-oldrel-macos-x86_64 | 1.2.0 | 56.00 | 48.00 | 104.00 | NOTE | |
| r-oldrel-windows-x86_64 | 1.2.0 | 98.00 | 118.00 | 216.00 | NOTE |
Version: 1.2.0
Check: installed package size
Result: NOTE
installed size is 41.6Mb
sub-directories of 1Mb or more:
libs 41.4Mb
Flavors: r-oldrel-macos-arm64, r-oldrel-macos-x86_64, r-oldrel-windows-x86_64