Last updated on 2025-11-16 06:49:35 CET.
| Flavor | Version | Tinstall | Tcheck | Ttotal | Status | Flags |
|---|---|---|---|---|---|---|
| r-devel-linux-x86_64-debian-clang | 1.0.1 | 8.52 | 313.64 | 322.16 | OK | |
| r-devel-linux-x86_64-debian-gcc | 1.0.1 | 6.28 | 219.47 | 225.75 | NOTE | |
| r-devel-linux-x86_64-fedora-clang | 1.0.1 | 42.00 | 515.72 | 557.72 | OK | |
| r-devel-linux-x86_64-fedora-gcc | 1.0.1 | 20.00 | 493.94 | 513.94 | OK | |
| r-devel-windows-x86_64 | 1.0.1 | 17.00 | 289.00 | 306.00 | OK | |
| r-patched-linux-x86_64 | 1.0.1 | 10.65 | 301.16 | 311.81 | OK | |
| r-release-linux-x86_64 | 1.0.1 | 8.97 | 300.91 | 309.88 | OK | |
| r-release-macos-arm64 | 1.0.1 | 6.00 | 123.00 | 129.00 | OK | |
| r-release-macos-x86_64 | 1.0.1 | 11.00 | 248.00 | 259.00 | OK | |
| r-release-windows-x86_64 | 1.0.1 | 16.00 | 281.00 | 297.00 | OK | |
| r-oldrel-macos-arm64 | 1.0.1 | 5.00 | 126.00 | 131.00 | OK | |
| r-oldrel-macos-x86_64 | 1.0.1 | 20.00 | 229.00 | 249.00 | OK | |
| r-oldrel-windows-x86_64 | 1.0.1 | 20.00 | 363.00 | 383.00 | OK |
Version: 1.0.1
Check: CRAN incoming feasibility
Result: NOTE
Maintainer: ‘Mattan S. Ben-Shachar <mattansb@msbstats.info>’
The BugReports field in DESCRIPTION has
https://github.com/easystats/effectsize/issues/
which should likely be
https://github.com/easystats/effectsize/issues/issues
instead.
Flavor: r-devel-linux-x86_64-debian-gcc