Last updated on 2024-06-27 10:49:30 CEST.
Flavor | Version | Tinstall | Tcheck | Ttotal | Status | Flags |
---|---|---|---|---|---|---|
r-devel-linux-x86_64-debian-clang | 1.0.5 | OK | ||||
r-devel-linux-x86_64-debian-gcc | 1.0.5 | 13.46 | 42.85 | 56.31 | OK | |
r-devel-linux-x86_64-fedora-clang | 1.0.5 | 97.91 | NOTE | |||
r-devel-linux-x86_64-fedora-gcc | 1.0.5 | 105.06 | NOTE | |||
r-devel-windows-x86_64 | 1.0.5 | 17.00 | 62.00 | 79.00 | OK | |
r-patched-linux-x86_64 | 1.0.5 | 14.12 | 53.92 | 68.04 | OK | |
r-release-linux-x86_64 | 1.0.5 | 12.14 | 55.12 | 67.26 | OK | |
r-release-macos-arm64 | 1.0.5 | 35.00 | OK | |||
r-release-macos-x86_64 | 1.0.5 | 45.00 | OK | |||
r-release-windows-x86_64 | 1.0.5 | 20.00 | 62.00 | 82.00 | OK | |
r-oldrel-macos-arm64 | 1.0.5 | 33.00 | OK | |||
r-oldrel-macos-x86_64 | 1.0.5 | 50.00 | OK | |||
r-oldrel-windows-x86_64 | 1.0.5 | 21.00 | 71.00 | 92.00 | OK |
Version: 1.0.5
Check: data for non-ASCII characters
Result: NOTE
Note: found 1 marked UTF-8 string
Flavors: r-devel-linux-x86_64-fedora-clang, r-devel-linux-x86_64-fedora-gcc