Last updated on 2024-07-13 05:49:12 CEST.
Flavor | Version | Tinstall | Tcheck | Ttotal | Status | Flags |
---|---|---|---|---|---|---|
r-devel-linux-x86_64-debian-clang | 0.1.2 | 19.66 | 197.01 | 216.67 | OK | |
r-devel-linux-x86_64-debian-gcc | 0.1.2 | 15.11 | 115.05 | 130.16 | OK | |
r-devel-linux-x86_64-fedora-clang | 0.1.2 | 277.19 | NOTE | |||
r-devel-linux-x86_64-fedora-gcc | 0.1.2 | 274.98 | NOTE | |||
r-devel-windows-x86_64 | 0.1.2 | 17.00 | 176.00 | 193.00 | OK | |
r-patched-linux-x86_64 | 0.1.2 | 16.71 | 156.62 | 173.33 | OK | |
r-release-linux-x86_64 | 0.1.2 | 17.73 | 159.67 | 177.40 | OK | |
r-release-macos-arm64 | 0.1.2 | 64.00 | OK | |||
r-release-macos-x86_64 | 0.1.2 | 121.00 | OK | |||
r-release-windows-x86_64 | 0.1.2 | 19.00 | 176.00 | 195.00 | OK | |
r-oldrel-macos-arm64 | 0.1.2 | 71.00 | OK | |||
r-oldrel-macos-x86_64 | 0.1.2 | 177.00 | OK | |||
r-oldrel-windows-x86_64 | 0.1.2 | 18.00 | 213.00 | 231.00 | OK |
Version: 0.1.2
Check: dependencies in R code
Result: NOTE
Namespace in Imports field not imported from: ‘mathjaxr’
All declared Imports should be used.
Flavors: r-devel-linux-x86_64-fedora-clang, r-devel-linux-x86_64-fedora-gcc