Last updated on 2025-11-16 18:49:28 CET.
| Flavor | Version | Tinstall | Tcheck | Ttotal | Status | Flags |
|---|---|---|---|---|---|---|
| r-devel-linux-x86_64-debian-clang | 0.5 | 12.40 | 126.73 | 139.13 | NOTE | |
| r-devel-linux-x86_64-debian-gcc | 0.5 | 9.38 | 93.64 | 103.02 | NOTE | |
| r-devel-linux-x86_64-fedora-clang | 0.5 | 26.00 | 191.40 | 217.40 | OK | |
| r-devel-linux-x86_64-fedora-gcc | 0.5 | 26.00 | 199.52 | 225.52 | OK | |
| r-devel-windows-x86_64 | 0.5 | 17.00 | 133.00 | 150.00 | OK | |
| r-patched-linux-x86_64 | 0.5 | 11.20 | 120.95 | 132.15 | OK | |
| r-release-linux-x86_64 | 0.5 | 11.47 | 119.00 | 130.47 | OK | |
| r-release-macos-arm64 | 0.5 | 7.00 | 69.00 | 76.00 | OK | |
| r-release-macos-x86_64 | 0.5 | 10.00 | 113.00 | 123.00 | OK | |
| r-release-windows-x86_64 | 0.5 | 17.00 | 131.00 | 148.00 | OK | |
| r-oldrel-macos-arm64 | 0.5 | 6.00 | 54.00 | 60.00 | OK | |
| r-oldrel-macos-x86_64 | 0.5 | 8.00 | 77.00 | 85.00 | OK | |
| r-oldrel-windows-x86_64 | 0.5 | 20.00 | 163.00 | 183.00 | OK |
Version: 0.5
Check: CRAN incoming feasibility
Result: NOTE
Maintainer: ‘Okan Bulut <bulut@ualberta.ca>’
Package CITATION file contains call(s) to old-style personList() or
as.personList(). Please use c() on person objects instead.
Package CITATION file contains call(s) to old-style citEntry(). Please
use bibentry() instead.
Flavors: r-devel-linux-x86_64-debian-clang, r-devel-linux-x86_64-debian-gcc