Last updated on 2025-04-30 13:54:13 CEST.
Flavor | Version | Tinstall | Tcheck | Ttotal | Status | Flags |
---|---|---|---|---|---|---|
r-devel-linux-x86_64-debian-clang | 0.1.8 | 3.08 | 58.04 | 61.12 | NOTE | |
r-devel-linux-x86_64-debian-gcc | 0.1.8 | 2.34 | 42.81 | 45.15 | NOTE | |
r-devel-linux-x86_64-fedora-clang | 0.1.8 | 95.01 | NOTE | |||
r-devel-linux-x86_64-fedora-gcc | 0.1.8 | 104.57 | NOTE | |||
r-devel-windows-x86_64 | 0.1.8 | 4.00 | 86.00 | 90.00 | NOTE | |
r-patched-linux-x86_64 | 0.1.8 | 3.41 | 54.08 | 57.49 | NOTE | |
r-release-linux-x86_64 | 0.1.8 | 2.60 | 54.23 | 56.83 | NOTE | |
r-release-macos-arm64 | 0.1.8 | 39.00 | NOTE | |||
r-release-macos-x86_64 | 0.1.8 | 71.00 | NOTE | |||
r-release-windows-x86_64 | 0.1.8 | 4.00 | 80.00 | 84.00 | NOTE | |
r-oldrel-macos-arm64 | 0.1.8 | 70.00 | OK | |||
r-oldrel-macos-x86_64 | 0.1.8 | 78.00 | OK | |||
r-oldrel-windows-x86_64 | 0.1.8 | 6.00 | 94.00 | 100.00 | OK |
Version: 0.1.8
Check: DESCRIPTION meta-information
Result: NOTE
Missing dependency on R >= 4.1.0 because package code uses the pipe
|> or function shorthand \(...) syntax added in R 4.1.0.
File(s) using such syntax:
‘as.character.emphatic.Rd’ ‘as_emphatic.Rd’ ‘as_html.Rd’
‘as_latex.Rd’ ‘as_svg.Rd’ ‘as_svg_anim.Rd’ ‘as_svg_group.Rd’
‘as_typst.Rd’ ‘hl.Rd’ ‘hl_adjust.Rd’ ‘is_emphatic.Rd’
‘knit_print.emphatic.Rd’ ‘print.emphatic.Rd’ ‘show_html.Rd’
‘write_xlsx.Rd’
Flavors: r-devel-linux-x86_64-debian-clang, r-devel-linux-x86_64-debian-gcc, r-devel-linux-x86_64-fedora-clang, r-devel-linux-x86_64-fedora-gcc, r-devel-windows-x86_64, r-patched-linux-x86_64, r-release-linux-x86_64, r-release-macos-arm64, r-release-macos-x86_64, r-release-windows-x86_64