Last updated on 2024-06-27 16:49:04 CEST.
Flavor | Version | Tinstall | Tcheck | Ttotal | Status | Flags |
---|---|---|---|---|---|---|
r-devel-linux-x86_64-debian-clang | 1.0.2 | OK | ||||
r-devel-linux-x86_64-debian-gcc | 1.0.2 | 5.90 | 110.34 | 116.24 | OK | |
r-devel-linux-x86_64-fedora-clang | 1.0.2 | 190.32 | NOTE | |||
r-devel-linux-x86_64-fedora-gcc | 1.0.2 | 194.08 | NOTE | |||
r-devel-windows-x86_64 | 1.0.2 | 7.00 | 137.00 | 144.00 | OK | |
r-patched-linux-x86_64 | 1.0.2 | 6.40 | 136.22 | 142.62 | OK | |
r-release-linux-x86_64 | 1.0.1 | 4.71 | 137.05 | 141.76 | OK | |
r-release-macos-arm64 | 1.0.2 | 105.00 | OK | |||
r-release-macos-x86_64 | 1.0.2 | 191.00 | OK | |||
r-release-windows-x86_64 | 1.0.2 | 7.00 | 157.00 | 164.00 | OK | |
r-oldrel-macos-arm64 | 1.0.2 | 147.00 | OK | |||
r-oldrel-macos-x86_64 | 1.0.2 | 192.00 | OK | |||
r-oldrel-windows-x86_64 | 1.0.2 | 7.00 | 124.00 | 131.00 | OK |
Version: 1.0.2
Check: data for non-ASCII characters
Result: NOTE
Note: found 1 marked Latin-1 string
Note: found 1508 marked UTF-8 strings
Flavors: r-devel-linux-x86_64-fedora-clang, r-devel-linux-x86_64-fedora-gcc