Last updated on 2025-11-16 12:49:29 CET.
| Flavor | Version | Tinstall | Tcheck | Ttotal | Status | Flags |
|---|---|---|---|---|---|---|
| r-devel-linux-x86_64-debian-clang | 1.2 | 5.94 | 90.89 | 96.83 | OK | |
| r-devel-linux-x86_64-debian-gcc | 1.2 | 4.59 | 62.10 | 66.69 | OK | |
| r-devel-linux-x86_64-fedora-clang | 1.2 | 14.00 | 118.08 | 132.08 | NOTE | |
| r-devel-linux-x86_64-fedora-gcc | 1.2 | 15.00 | 112.68 | 127.68 | NOTE | |
| r-devel-windows-x86_64 | 1.2 | 10.00 | 107.00 | 117.00 | OK | |
| r-patched-linux-x86_64 | 1.2 | 7.20 | 75.17 | 82.37 | OK | |
| r-release-linux-x86_64 | 1.2 | 6.56 | 75.69 | 82.25 | OK | |
| r-release-macos-arm64 | 1.2 | 4.00 | 39.00 | 43.00 | OK | |
| r-release-macos-x86_64 | 1.2 | 7.00 | 65.00 | 72.00 | OK | |
| r-release-windows-x86_64 | 1.2 | 9.00 | 98.00 | 107.00 | OK | |
| r-oldrel-macos-arm64 | 1.2 | 4.00 | 42.00 | 46.00 | OK | |
| r-oldrel-macos-x86_64 | 1.2 | 7.00 | 72.00 | 79.00 | OK | |
| r-oldrel-windows-x86_64 | 1.2 | 12.00 | 121.00 | 133.00 | OK |
Version: 1.2
Check: dependencies in R code
Result: NOTE
Namespace in Imports field not imported from: ‘testthat’
All declared Imports should be used.
Flavors: r-devel-linux-x86_64-fedora-clang, r-devel-linux-x86_64-fedora-gcc