CRAN Package Check Results for Package epsiwal

Last updated on 2025-11-16 18:49:29 CET.

Flavor Version Tinstall Tcheck Ttotal Status Flags
r-devel-linux-x86_64-debian-clang 0.1.0 1.73 22.20 23.93 NOTE
r-devel-linux-x86_64-debian-gcc 0.1.0 1.43 17.99 19.42 NOTE
r-devel-linux-x86_64-fedora-clang 0.1.0 32.78 OK
r-devel-linux-x86_64-fedora-gcc 0.1.0 31.41 OK
r-devel-windows-x86_64 0.1.0 4.00 40.00 44.00 OK
r-patched-linux-x86_64 0.1.0 1.64 19.55 21.19 OK
r-release-linux-x86_64 0.1.0 1.61 19.70 21.31 OK
r-release-macos-arm64 0.1.0 1.00 15.00 16.00 OK
r-release-macos-x86_64 0.1.0 2.00 28.00 30.00 OK
r-release-windows-x86_64 0.1.0 2.00 39.00 41.00 OK
r-oldrel-macos-arm64 0.1.0 1.00 14.00 15.00 OK
r-oldrel-macos-x86_64 0.1.0 2.00 20.00 22.00 OK
r-oldrel-windows-x86_64 0.1.0 4.00 45.00 49.00 OK

Check Details

Version: 0.1.0
Check: CRAN incoming feasibility
Result: NOTE Maintainer: ‘Steven E. Pav <shabbychef@gmail.com>’ Package CITATION file contains call(s) to old-style citEntry(). Please use bibentry() instead. Flavors: r-devel-linux-x86_64-debian-clang, r-devel-linux-x86_64-debian-gcc