CRAN Package Check Results for Package epxToR

Last updated on 2025-04-29 13:51:22 CEST.

Flavor Version Tinstall Tcheck Ttotal Status Flags
r-devel-linux-x86_64-debian-clang 0.4-1 2.50 24.92 27.42 OK
r-devel-linux-x86_64-debian-gcc 0.4-1 2.18 19.95 22.13 OK
r-devel-linux-x86_64-fedora-clang 0.4-1 43.01 OK
r-devel-linux-x86_64-fedora-gcc 0.4-1 41.62 OK
r-devel-windows-x86_64 0.4-1 3.00 45.00 48.00 OK
r-patched-linux-x86_64 0.4-1 2.73 24.21 26.94 OK
r-release-linux-x86_64 0.4-1 2.29 23.81 26.10 OK
r-release-macos-arm64 0.4-1 25.00 OK
r-release-macos-x86_64 0.4-1 30.00 OK
r-release-windows-x86_64 0.4-1 5.00 46.00 51.00 OK
r-oldrel-macos-arm64 0.4-1 18.00 NOTE
r-oldrel-macos-x86_64 0.4-1 26.00 NOTE
r-oldrel-windows-x86_64 0.4-1 5.00 46.00 51.00 NOTE

Check Details

Version: 0.4-1
Check: LazyData
Result: NOTE 'LazyData' is specified without a 'data' directory Flavors: r-oldrel-macos-arm64, r-oldrel-macos-x86_64, r-oldrel-windows-x86_64