Last updated on 2024-07-18 06:57:23 CEST.
Flavor | Version | Tinstall | Tcheck | Ttotal | Status | Flags |
---|---|---|---|---|---|---|
r-devel-linux-x86_64-debian-clang | 2.0.1 | 21.62 | 196.23 | 217.85 | OK | |
r-devel-linux-x86_64-debian-gcc | 2.0.1 | 16.94 | 141.88 | 158.82 | OK | |
r-devel-linux-x86_64-fedora-clang | 2.0.1 | 292.12 | OK | |||
r-devel-linux-x86_64-fedora-gcc | 2.0.1 | 270.85 | OK | |||
r-devel-windows-x86_64 | 2.0.1 | 23.00 | 163.00 | 186.00 | OK | |
r-patched-linux-x86_64 | 2.0.1 | 21.30 | 186.53 | 207.83 | OK | |
r-release-linux-x86_64 | 2.0.1 | 21.75 | 190.34 | 212.09 | OK | |
r-release-macos-arm64 | 2.0.1 | 61.00 | NOTE | |||
r-release-macos-x86_64 | 2.0.1 | 132.00 | OK | |||
r-release-windows-x86_64 | 2.0.1 | 20.00 | 162.00 | 182.00 | OK | |
r-oldrel-macos-arm64 | 2.0.1 | 71.00 | NOTE | |||
r-oldrel-macos-x86_64 | 2.0.1 | 112.00 | NOTE | |||
r-oldrel-windows-x86_64 | 2.0.1 | 28.00 | 195.00 | 223.00 | OK |
Version: 2.0.1
Check: package dependencies
Result: NOTE
Package suggested but not available for checking: ‘gcspikelite’
Flavor: r-release-macos-arm64
Version: 2.0.1
Check: package dependencies
Result: NOTE
Packages suggested but not available for checking: 'mzR', 'gcspikelite'
Flavors: r-oldrel-macos-arm64, r-oldrel-macos-x86_64