Last updated on 2025-10-23 05:51:52 CEST.
Flavor | Version | Tinstall | Tcheck | Ttotal | Status | Flags |
---|---|---|---|---|---|---|
r-devel-linux-x86_64-debian-clang | 4.1.3 | 11.20 | 437.79 | 448.99 | NOTE | |
r-devel-linux-x86_64-debian-gcc | 4.1.3 | 7.64 | 302.91 | 310.55 | OK | |
r-devel-linux-x86_64-fedora-clang | 4.1.3 | 33.00 | 722.55 | 755.55 | OK | |
r-devel-linux-x86_64-fedora-gcc | 4.1.3 | 22.00 | 709.70 | 731.70 | OK | |
r-devel-windows-x86_64 | 4.1.3 | 17.00 | 531.00 | 548.00 | OK | |
r-patched-linux-x86_64 | 4.1.3 | 11.98 | 421.30 | 433.28 | OK | |
r-release-linux-x86_64 | 4.1.3 | 9.86 | 425.15 | 435.01 | OK | |
r-release-macos-arm64 | 4.1.3 | 6.00 | 223.00 | 229.00 | OK | |
r-release-macos-x86_64 | 4.1.3 | 10.00 | 472.00 | 482.00 | OK | |
r-release-windows-x86_64 | 4.1.3 | 17.00 | 525.00 | 542.00 | OK | |
r-oldrel-macos-arm64 | 4.1.3 | 6.00 | 221.00 | 227.00 | OK | |
r-oldrel-macos-x86_64 | 4.1.3 | 13.00 | 532.00 | 545.00 | OK | |
r-oldrel-windows-x86_64 | 4.1.3 | 19.00 | 622.00 | 641.00 | OK |
Version: 4.1.3
Check: top-level files
Result: NOTE
Found the following validation problem for the NEWS.Rd HTML conversion:
NEWS.html:276:1 (inst/NEWS.Rd:240): Warning: missing </ul> before </div>
NEWS.html:47:1 (inst/NEWS.Rd:85): Warning: <h4> anchor "BUG-FIXES" already defined
NEWS.html:77:1 (inst/NEWS.Rd:107): Warning: <h4> anchor "BUG-FIXES" already defined
NEWS.html:122:1 (inst/NEWS.Rd:137): Warning: <h4> anchor "NEW-FEATURES" already defined
NEWS.html:135:1 (inst/NEWS.Rd:146): Warning: <h4> anchor "BUG-FIXES" already defined
NEWS.html:152:1 (inst/NEWS.Rd:158): Warning: <h4> anchor "BUG-FIXES" already defined
NEWS.html:163:1 (inst/NEWS.Rd:166): Warning: <h4> anchor "OTHER-USER-VISIBLE-CHANGES" already defined
NEWS.html:178:1 (inst/NEWS.Rd:179): Warning: <h4> anchor "BUG-FIXES" already defined
NEWS.html:197:1 (inst/NEWS.Rd:191): Warning: <h4> anchor "NEW-FEATURES" already defined
NEWS.html:214:1 (inst/NEWS.Rd:202): Warning: <h4> anchor "OTHER-USER-VISIBLE-CHANGES" already defined
NEWS.html:233:1 (inst/NEWS.Rd:216): Warning: <h4> anchor "OTHER-USER-VISIBLE-CHANGES" already defined
NEWS.html:261:1 (inst/NEWS.Rd:235): Warning: <h4> anchor "NEW-FEATURES" already defined
Flavor: r-devel-linux-x86_64-debian-clang
Version: 4.1.3
Check: HTML version of manual
Result: NOTE
Found the following HTML validation problems:
Binomial-ergmReference-cdff43a4.html:64:1 (Binomial-ergmReference-cdff43a4.Rd:25): Warning: missing </ul> before </div>
CMB-ergmTerm-5a51afe9.html:72:1 (CMB-ergmTerm-5a51afe9.Rd:31): Warning: missing </ul> before </div>
CMP-ergmTerm-4d501174.html:62:1 (CMP-ergmTerm-4d501174.Rd:27): Warning: missing </ul> before </div>
Disc-ergmProposal-b6c6e5ca.html:53:1 (Disc-ergmProposal-b6c6e5ca.Rd:22): Warning: missing </ul> before </div>
DiscTNT-ergmProposal-c3c2e8cb.html:55:1 (DiscTNT-ergmProposal-c3c2e8cb.Rd:24): Warning: missing </ul> before </div>
Geometric-ergmReference-1ee5c5ac.html:57:1 (Geometric-ergmReference-1ee5c5ac.Rd:25): Warning: missing </ul> before </div>
Poisson-ergmReference-40df5ec8.html:90:1 (Poisson-ergmReference-40df5ec8.Rd:51): Warning: missing </ul> before </div>
ZIPoisson-ergmProposal-bba55a81.html:49:1 (ZIPoisson-ergmProposal-bba55a81.Rd:18): Warning: missing </ul> before </div>
Flavor: r-devel-linux-x86_64-debian-clang