Last updated on 2024-07-13 11:49:12 CEST.
Flavor | Version | Tinstall | Tcheck | Ttotal | Status | Flags |
---|---|---|---|---|---|---|
r-devel-linux-x86_64-debian-clang | 0.2.1 | 30.99 | 537.41 | 568.40 | OK | |
r-devel-linux-x86_64-debian-gcc | 0.2.1 | 24.89 | 377.04 | 401.93 | OK | |
r-devel-linux-x86_64-fedora-clang | 0.2.1 | 686.39 | OK | |||
r-devel-linux-x86_64-fedora-gcc | 0.2.1 | 683.87 | OK | |||
r-devel-windows-x86_64 | 0.2.1 | 31.00 | 357.00 | 388.00 | NOTE | |
r-patched-linux-x86_64 | 0.2.1 | 43.05 | 497.74 | 540.79 | OK | |
r-release-linux-x86_64 | 0.2.1 | 28.42 | 503.60 | 532.02 | OK | |
r-release-macos-arm64 | 0.2.1 | 169.00 | OK | |||
r-release-macos-x86_64 | 0.2.1 | 322.00 | OK | |||
r-release-windows-x86_64 | 0.2.1 | 33.00 | 356.00 | 389.00 | OK | |
r-oldrel-macos-arm64 | 0.2.1 | 195.00 | OK | |||
r-oldrel-macos-x86_64 | 0.2.1 | 496.00 | OK | |||
r-oldrel-windows-x86_64 | 0.2.1 | 39.00 | 474.00 | 513.00 | OK |
Version: 0.2.1
Check: Rd cross-references
Result: NOTE
Found the following Rd file(s) with Rd \link{} targets missing package
anchors:
CMBL-ergmTerm-faa5fa2c.Rd: ergmTerm
Goeyvaerts.Rd: network
L-ergmTerm-719c792f.Rd: ergm, ergmTerm
Layer.Rd: nodal_attributes, ergm, mutual-ergmTerm, ergmTerm
Lazega.Rd: network
N-ergmTerm-c9b59cc1.Rd: ergm, ergmTerm
Networks.Rd: ergmTerm
b1degreeL-ergmTerm-ef9f1358.Rd: ergmTerm
b2degree-ergmTerm-20b6a8ee.Rd: ergmTerm
blacklist_block-ergmConstraint-0070df6d.Rd: ergmConstraint
blockdiag-ergmProposal-140bec05.Rd: ergmProposal
blockdiagTNT-ergmProposal-7555cd70.Rd: ergmProposal
combine_ergmlhs.Rd: %ergmlhs%, network
control.gofN.ergm.Rd: ergm, control.simulate.ergm, ergm-parallel,
ergm-package, set.MT_terms
ddspL-ergmTerm-c6c3ac1f.Rd: ergm-options, ergmTerm
degreeL-ergmTerm-39367027.Rd: ergmTerm
despL-ergmTerm-acc8d5da.Rd: ergm-options, ergmTerm
dgwdspL-ergmTerm-48851f13.Rd: ergm-options, ergmTerm
dgwespL-ergmTerm-b8c0bfe5.Rd: ergm-options, ergmTerm
dgwnspL-ergmTerm-0bfd6ad4.Rd: ergm-options, ergmTerm
direct.network.Rd: network
dnspL-ergmTerm-ed78e6f3.Rd: ergm-options, ergmTerm
ergm.multi-package.Rd: ergm
gofN.Rd: ergm, simulate.ergm, summary.ergm_model, tibble
gwb1degreeL-ergmTerm-7bda20c5.Rd: control.ergm, ergmTerm
gwb2degreeL-ergmTerm-8b152fc6.Rd: control.ergm, ergmTerm
gwdegreeL-ergmTerm-cac814fa.Rd: control.ergm, ergmTerm
gwidegreeL-ergmTerm-14050f69.Rd: control.ergm, ergmTerm
gwodegreeL-ergmTerm-cba36b15.Rd: control.ergm, ergmTerm
idegreeL-ergmTerm-795b0389.Rd: ergmTerm
marg_cond_sim.Rd: ergm, ergm_model, simulate.ergm, summary.ergm_model
mutualL-ergmTerm-86ebfbbf.Rd: ergmTerm
network_view.Rd: network, tibble
odegreeL-ergmTerm-6345a9bc.Rd: ergmTerm
plot.gofN.Rd: glue
split.network.Rd: network.list
subnetwork_templates.Rd: %ergmlhs%, network
twostarL-ergmTerm-57211220.Rd: ergmTerm
upper_tri-ergmConstraint-f7ecd164.Rd: ergmConstraint
Please provide package anchors for all Rd \link{} targets not in the
package itself and the base packages.
Flavor: r-devel-windows-x86_64