Last updated on 2025-04-29 13:51:22 CEST.
Flavor | Version | Tinstall | Tcheck | Ttotal | Status | Flags |
---|---|---|---|---|---|---|
r-devel-linux-x86_64-debian-clang | 1.0 | 1.18 | 12.32 | 13.50 | NOTE | |
r-devel-linux-x86_64-debian-gcc | 1.0 | 0.96 | 10.25 | 11.21 | NOTE | |
r-devel-linux-x86_64-fedora-clang | 1.0 | 21.10 | OK | |||
r-devel-linux-x86_64-fedora-gcc | 1.0 | 20.52 | OK | |||
r-devel-windows-x86_64 | 1.0 | 2.00 | 30.00 | 32.00 | OK | |
r-patched-linux-x86_64 | 1.0 | 1.03 | 11.86 | 12.89 | OK | |
r-release-linux-x86_64 | 1.0 | 1.07 | 11.93 | 13.00 | OK | |
r-release-macos-arm64 | 1.0 | 13.00 | OK | |||
r-release-macos-x86_64 | 1.0 | 25.00 | OK | |||
r-release-windows-x86_64 | 1.0 | 2.00 | 33.00 | 35.00 | OK | |
r-oldrel-macos-arm64 | 1.0 | 11.00 | OK | |||
r-oldrel-macos-x86_64 | 1.0 | 15.00 | OK | |||
r-oldrel-windows-x86_64 | 1.0 | 3.00 | 31.00 | 34.00 | OK |
Version: 1.0
Check: CRAN incoming feasibility
Result: NOTE
Maintainer: ‘Jenine K. Harris <harrisj@wustl.edu>’
No Authors@R field in DESCRIPTION.
Please add one, modifying
Authors@R: person(given = c("Jenine", "K."),
family = "Harris",
role = c("aut", "cre"),
email = "harrisj@wustl.edu")
as necessary.
Flavors: r-devel-linux-x86_64-debian-clang, r-devel-linux-x86_64-debian-gcc